188.233.105.225 - - [26/Jul/2026:18:01:46 +0200] "POST /xmlrpc.php HTTP/1.1" 200 3922 "-" "Jetpack/12.0; WordPress/6.3; http://site18233837.com"
188.233.105.225 - - [26/Jul/2026:18:01:57 +0200] "POST /xmlrpc.php HTTP/1.1" 200 3922 "-" "Jetpack by WordPress.com (Jetpack 12.1; WordPress 6.2)"
188.233.105.225 - - [26/Jul/2026:18:02:08 +0200] "POST /xmlrpc.php HTTP/1.1" 200 3922 "-" "Jetpack by WordPress.com"
188.233.105.225 - - [26/Jul/2026:18:02:18 +0200] "POST /xmlrpc.php HTTP/1.1" 200 3922 "-" "Jetpack/12.0; WordPress/6.2; http://site82683519.com"
188.233.105.225 - - [26/Jul/2026:18:02:29 +0200] "POST /xmlrpc.php HTTP/1.1" 200 3922 "-" "Jetpack/12.1; WordPress/6.4; http://site81456037.com"
158.220.100.248 - - [26/Jul/2026:18:02:40 +0200] "POST /wp-cron.php?doing_wp_cron=1785081760.9410090446472167968750 HTTP/1.1" 200 4054 "-" "WordPress/7.0.2; https://cmaology.com"
188.233.105.225 - - [26/Jul/2026:18:02:40 +0200] "POST /xmlrpc.php HTTP/1.1" 200 3922 "-" "Jetpack by WordPress.com (Jetpack 12.5; WordPress 6.1)"
188.233.105.225 - - [26/Jul/2026:18:02:51 +0200] "POST /xmlrpc.php HTTP/1.1" 200 3922 "-" "Jetpack by WordPress.com (Jetpack 12.1; WordPress 6.4)"
188.233.105.225 - - [26/Jul/2026:18:03:02 +0200] "POST /xmlrpc.php HTTP/1.1" 200 3922 "-" "Jetpack by WordPress.com"
188.233.105.225 - - [26/Jul/2026:18:03:13 +0200] "POST /xmlrpc.php HTTP/1.1" 200 3922 "-" "Jetpack/12.0; WordPress/6.1; http://site54358316.com"
188.233.105.225 - - [26/Jul/2026:18:03:24 +0200] "POST /xmlrpc.php HTTP/1.1" 200 3922 "-" "Jetpack by WordPress.com (Jetpack 12.1; WordPress 6.2)"
188.233.105.225 - - [26/Jul/2026:18:03:35 +0200] "POST /xmlrpc.php HTTP/1.1" 200 3922 "-" "WordPress.com; https://wordpress.com"
158.220.100.248 - - [26/Jul/2026:18:03:46 +0200] "POST /wp-cron.php?doing_wp_cron=1785081826.3067600727081298828125 HTTP/1.1" 200 4054 "-" "WordPress/7.0.2; https://cmaology.com"
188.233.105.225 - - [26/Jul/2026:18:03:45 +0200] "POST /xmlrpc.php HTTP/1.1" 200 3922 "-" "Jetpack by WordPress.com (Jetpack 12.5; WordPress 6.3)"
188.233.105.225 - - [26/Jul/2026:18:03:56 +0200] "POST /xmlrpc.php HTTP/1.1" 200 3922 "-" "Jetpack/13.0; WordPress/6.4; http://site91843731.com"
188.233.105.225 - - [26/Jul/2026:18:04:07 +0200] "POST /xmlrpc.php HTTP/1.1" 200 3922 "-" "Jetpack by WordPress.com"
188.233.105.225 - - [26/Jul/2026:18:04:17 +0200] "POST /xmlrpc.php HTTP/1.1" 200 3922 "-" "WordPress.com; https://wordpress.com"
188.233.105.225 - - [26/Jul/2026:18:04:28 +0200] "POST /xmlrpc.php HTTP/1.1" 200 3922 "-" "Jetpack by WordPress.com"
158.220.100.248 - - [26/Jul/2026:18:04:39 +0200] "POST /wp-cron.php?doing_wp_cron=1785081879.2715239524841308593750 HTTP/1.1" 200 4054 "-" "WordPress/7.0.2; https://cmaology.com"
188.233.105.225 - - [26/Jul/2026:18:04:38 +0200] "POST /xmlrpc.php HTTP/1.1" 200 3922 "-" "WordPress.com; https://wordpress.com"
91.92.243.235 - - [26/Jul/2026:18:04:45 +0200] "POST /wp-login.php HTTP/1.1" 200 9856 "-" "Mozilla/5.0"
188.233.105.225 - - [26/Jul/2026:18:04:49 +0200] "POST /xmlrpc.php HTTP/1.1" 200 3922 "-" "WordPress.com; https://wordpress.com"
188.233.105.225 - - [26/Jul/2026:18:05:00 +0200] "POST /xmlrpc.php HTTP/1.1" 200 3922 "-" "Jetpack by WordPress.com"
188.233.105.225 - - [26/Jul/2026:18:05:11 +0200] "POST /xmlrpc.php HTTP/1.1" 200 3922 "-" "WordPress.com; https://wordpress.com"
188.233.105.225 - - [26/Jul/2026:18:05:21 +0200] "POST /xmlrpc.php HTTP/1.1" 200 3922 "-" "WordPress.com; https://wordpress.com"
188.233.105.225 - - [26/Jul/2026:18:05:32 +0200] "POST /xmlrpc.php HTTP/1.1" 200 3922 "-" "Jetpack/12.0; WordPress/6.3; http://site66092762.com"
158.220.100.248 - - [26/Jul/2026:18:05:43 +0200] "POST /wp-cron.php?doing_wp_cron=1785081943.8584980964660644531250 HTTP/1.1" 200 4054 "-" "WordPress/7.0.2; https://cmaology.com"
188.233.105.225 - - [26/Jul/2026:18:05:43 +0200] "POST /xmlrpc.php HTTP/1.1" 200 3922 "-" "Jetpack/12.5; WordPress/6.3; http://site39725077.com"
188.233.105.225 - - [26/Jul/2026:18:05:54 +0200] "POST /xmlrpc.php HTTP/1.1" 200 3922 "-" "Jetpack by WordPress.com (Jetpack 12.1; WordPress 6.3)"
188.233.105.225 - - [26/Jul/2026:18:06:05 +0200] "POST /xmlrpc.php HTTP/1.1" 200 3922 "-" "Jetpack by WordPress.com (Jetpack 12.0; WordPress 6.1)"
188.233.105.225 - - [26/Jul/2026:18:06:16 +0200] "POST /xmlrpc.php HTTP/1.1" 200 3922 "-" "Jetpack/12.5; WordPress/6.3; http://site76251658.com"
188.233.105.225 - - [26/Jul/2026:18:06:27 +0200] "POST /xmlrpc.php HTTP/1.1" 200 3922 "-" "Jetpack by WordPress.com"
158.220.100.248 - - [26/Jul/2026:18:06:38 +0200] "POST /wp-cron.php?doing_wp_cron=1785081998.9805450439453125000000 HTTP/1.1" 200 4054 "-" "WordPress/7.0.2; https://cmaology.com"
188.233.105.225 - - [26/Jul/2026:18:06:38 +0200] "POST /xmlrpc.php HTTP/1.1" 200 3922 "-" "Jetpack by WordPress.com (Jetpack 13.0; WordPress 6.3)"
188.233.105.225 - - [26/Jul/2026:18:06:49 +0200] "POST /xmlrpc.php HTTP/1.1" 200 3922 "-" "WordPress.com; https://wordpress.com"
188.233.105.225 - - [26/Jul/2026:18:07:00 +0200] "POST /xmlrpc.php HTTP/1.1" 200 3922 "-" "Jetpack by WordPress.com"
188.233.105.225 - - [26/Jul/2026:18:07:10 +0200] "POST /xmlrpc.php HTTP/1.1" 200 3922 "-" "WordPress.com; https://wordpress.com"
188.233.105.225 - - [26/Jul/2026:18:07:21 +0200] "POST /xmlrpc.php HTTP/1.1" 200 3922 "-" "Jetpack by WordPress.com"
188.233.105.225 - - [26/Jul/2026:18:07:32 +0200] "POST /xmlrpc.php HTTP/1.1" 200 3922 "-" "Jetpack by WordPress.com"
158.220.100.248 - - [26/Jul/2026:18:07:43 +0200] "POST /wp-cron.php?doing_wp_cron=1785082063.6235239505767822265625 HTTP/1.1" 200 4054 "-" "WordPress/7.0.2; https://cmaology.com"
188.233.105.225 - - [26/Jul/2026:18:07:43 +0200] "POST /xmlrpc.php HTTP/1.1" 200 3922 "-" "WordPress.com; https://wordpress.com"
188.233.105.225 - - [26/Jul/2026:18:07:53 +0200] "POST /xmlrpc.php HTTP/1.1" 200 3922 "-" "Jetpack by WordPress.com (Jetpack 12.5; WordPress 6.4)"
188.233.105.225 - - [26/Jul/2026:18:08:04 +0200] "POST /xmlrpc.php HTTP/1.1" 200 3922 "-" "WordPress.com; https://wordpress.com"
188.233.105.225 - - [26/Jul/2026:18:08:15 +0200] "POST /xmlrpc.php HTTP/1.1" 200 3922 "-" "Jetpack by WordPress.com (Jetpack 12.1; WordPress 6.1)"
188.233.105.225 - - [26/Jul/2026:18:08:26 +0200] "POST /xmlrpc.php HTTP/1.1" 200 3922 "-" "Jetpack by WordPress.com (Jetpack 13.0; WordPress 6.4)"
91.92.243.235 - - [26/Jul/2026:18:08:30 +0200] "POST /wp-login.php HTTP/1.1" 200 9856 "-" "Mozilla/5.0"
158.220.100.248 - - [26/Jul/2026:18:08:37 +0200] "POST /wp-cron.php?doing_wp_cron=1785082117.4887440204620361328125 HTTP/1.1" 200 4054 "-" "WordPress/7.0.2; https://cmaology.com"
188.233.105.225 - - [26/Jul/2026:18:08:37 +0200] "POST /xmlrpc.php HTTP/1.1" 200 3922 "-" "WordPress.com; https://wordpress.com"
188.233.105.225 - - [26/Jul/2026:18:08:47 +0200] "POST /xmlrpc.php HTTP/1.1" 200 3922 "-" "WordPress.com; https://wordpress.com"
188.233.105.225 - - [26/Jul/2026:18:08:58 +0200] "POST /xmlrpc.php HTTP/1.1" 200 3922 "-" "Jetpack/12.0; WordPress/6.3; http://site62327003.com"
188.233.105.225 - - [26/Jul/2026:18:09:10 +0200] "POST /xmlrpc.php HTTP/1.1" 200 3922 "-" "Jetpack/12.0; WordPress/6.2; http://site65672928.com"
188.233.105.225 - - [26/Jul/2026:18:09:21 +0200] "POST /xmlrpc.php HTTP/1.1" 200 3922 "-" "Jetpack/12.5; WordPress/6.4; http://site85905045.com"
188.233.105.225 - - [26/Jul/2026:18:09:31 +0200] "POST /xmlrpc.php HTTP/1.1" 200 3922 "-" "Jetpack by WordPress.com"
158.220.100.248 - - [26/Jul/2026:18:09:42 +0200] "POST /wp-cron.php?doing_wp_cron=1785082182.7702059745788574218750 HTTP/1.1" 200 4054 "-" "WordPress/7.0.2; https://cmaology.com"
188.233.105.225 - - [26/Jul/2026:18:09:42 +0200] "POST /xmlrpc.php HTTP/1.1" 200 3922 "-" "Jetpack/12.0; WordPress/6.4; http://site57477144.com"
188.233.105.225 - - [26/Jul/2026:18:09:53 +0200] "POST /xmlrpc.php HTTP/1.1" 200 3922 "-" "Jetpack/12.5; WordPress/6.2; http://site97799480.com"
188.233.105.225 - - [26/Jul/2026:18:10:04 +0200] "POST /xmlrpc.php HTTP/1.1" 200 3922 "-" "Jetpack/12.0; WordPress/6.1; http://site21082927.com"
188.233.105.225 - - [26/Jul/2026:18:10:15 +0200] "POST /xmlrpc.php HTTP/1.1" 200 3922 "-" "WordPress.com; https://wordpress.com"
188.233.105.225 - - [26/Jul/2026:18:10:26 +0200] "POST /xmlrpc.php HTTP/1.1" 200 3922 "-" "WordPress.com; https://wordpress.com"
158.220.100.248 - - [26/Jul/2026:18:10:37 +0200] "POST /wp-cron.php?doing_wp_cron=1785082237.3810141086578369140625 HTTP/1.1" 200 4054 "-" "WordPress/7.0.2; https://cmaology.com"
188.233.105.225 - - [26/Jul/2026:18:10:36 +0200] "POST /xmlrpc.php HTTP/1.1" 200 3922 "-" "Jetpack by WordPress.com (Jetpack 12.5; WordPress 6.1)"
188.233.105.225 - - [26/Jul/2026:18:10:47 +0200] "POST /xmlrpc.php HTTP/1.1" 200 3922 "-" "Jetpack by WordPress.com"
188.233.105.225 - - [26/Jul/2026:18:10:58 +0200] "POST /xmlrpc.php HTTP/1.1" 200 3922 "-" "Jetpack by WordPress.com (Jetpack 13.0; WordPress 6.2)"
188.233.105.225 - - [26/Jul/2026:18:11:09 +0200] "POST /xmlrpc.php HTTP/1.1" 200 3922 "-" "Jetpack/12.1; WordPress/6.1; http://site89024816.com"
188.233.105.225 - - [26/Jul/2026:18:11:20 +0200] "POST /xmlrpc.php HTTP/1.1" 200 3922 "-" "WordPress.com; https://wordpress.com"
188.233.105.225 - - [26/Jul/2026:18:11:30 +0200] "POST /xmlrpc.php HTTP/1.1" 200 3922 "-" "Jetpack by WordPress.com (Jetpack 12.1; WordPress 6.3)"
158.220.100.248 - - [26/Jul/2026:18:11:41 +0200] "POST /wp-cron.php?doing_wp_cron=1785082301.8734619617462158203125 HTTP/1.1" 200 4054 "-" "WordPress/7.0.2; https://cmaology.com"
188.233.105.225 - - [26/Jul/2026:18:11:41 +0200] "POST /xmlrpc.php HTTP/1.1" 200 3922 "-" "WordPress.com; https://wordpress.com"
188.233.105.225 - - [26/Jul/2026:18:11:52 +0200] "POST /xmlrpc.php HTTP/1.1" 200 3922 "-" "WordPress.com; https://wordpress.com"
188.233.105.225 - - [26/Jul/2026:18:12:03 +0200] "POST /xmlrpc.php HTTP/1.1" 200 3922 "-" "Jetpack/12.1; WordPress/6.2; http://site65843197.com"
188.233.105.225 - - [26/Jul/2026:18:12:14 +0200] "POST /xmlrpc.php HTTP/1.1" 200 3922 "-" "Jetpack/12.1; WordPress/6.2; http://site30156071.com"
91.92.243.235 - - [26/Jul/2026:18:12:15 +0200] "POST /wp-login.php HTTP/1.1" 200 9856 "-" "Mozilla/5.0"
188.233.105.225 - - [26/Jul/2026:18:12:24 +0200] "POST /xmlrpc.php HTTP/1.1" 200 3922 "-" "Jetpack/13.0; WordPress/6.2; http://site23747517.com"
188.233.105.225 - - [26/Jul/2026:18:12:36 +0200] "POST /xmlrpc.php HTTP/1.1" 200 3922 "-" "Jetpack by WordPress.com (Jetpack 12.1; WordPress 6.1)"
158.220.100.248 - - [26/Jul/2026:18:12:47 +0200] "POST /wp-cron.php?doing_wp_cron=1785082367.2128190994262695312500 HTTP/1.1" 200 4054 "-" "WordPress/7.0.2; https://cmaology.com"
188.233.105.225 - - [26/Jul/2026:18:12:46 +0200] "POST /xmlrpc.php HTTP/1.1" 200 3922 "-" "Jetpack by WordPress.com (Jetpack 12.5; WordPress 6.4)"
188.233.105.225 - - [26/Jul/2026:18:12:57 +0200] "POST /xmlrpc.php HTTP/1.1" 200 3922 "-" "WordPress.com; https://wordpress.com"
188.233.105.225 - - [26/Jul/2026:18:13:10 +0200] "POST /xmlrpc.php HTTP/1.1" 200 3922 "-" "Jetpack by WordPress.com"
188.233.105.225 - - [26/Jul/2026:18:13:21 +0200] "POST /xmlrpc.php HTTP/1.1" 200 3922 "-" "Jetpack by WordPress.com"
188.233.105.225 - - [26/Jul/2026:18:13:31 +0200] "POST /xmlrpc.php HTTP/1.1" 200 3922 "-" "WordPress.com; https://wordpress.com"
158.220.100.248 - - [26/Jul/2026:18:13:43 +0200] "POST /wp-cron.php?doing_wp_cron=1785082423.0128290653228759765625 HTTP/1.1" 200 4054 "-" "WordPress/7.0.2; https://cmaology.com"
188.233.105.225 - - [26/Jul/2026:18:13:42 +0200] "POST /xmlrpc.php HTTP/1.1" 200 3922 "-" "Jetpack/12.5; WordPress/6.3; http://site53653667.com"
188.233.105.225 - - [26/Jul/2026:18:13:53 +0200] "POST /xmlrpc.php HTTP/1.1" 200 3922 "-" "WordPress.com; https://wordpress.com"
188.233.105.225 - - [26/Jul/2026:18:14:03 +0200] "POST /xmlrpc.php HTTP/1.1" 200 3922 "-" "Jetpack/12.0; WordPress/6.2; http://site97303541.com"
188.233.105.225 - - [26/Jul/2026:18:14:14 +0200] "POST /xmlrpc.php HTTP/1.1" 200 3922 "-" "Jetpack by WordPress.com (Jetpack 12.0; WordPress 6.1)"
188.233.105.225 - - [26/Jul/2026:18:14:25 +0200] "POST /xmlrpc.php HTTP/1.1" 200 3922 "-" "Jetpack/13.0; WordPress/6.4; http://site59962107.com"
188.233.105.225 - - [26/Jul/2026:18:14:35 +0200] "POST /xmlrpc.php HTTP/1.1" 200 3922 "-" "Jetpack by WordPress.com (Jetpack 12.1; WordPress 6.2)"
158.220.100.248 - - [26/Jul/2026:18:14:46 +0200] "POST /wp-cron.php?doing_wp_cron=1785082486.7759840488433837890625 HTTP/1.1" 200 4054 "-" "WordPress/7.0.2; https://cmaology.com"
188.233.105.225 - - [26/Jul/2026:18:14:46 +0200] "POST /xmlrpc.php HTTP/1.1" 200 3922 "-" "Jetpack by WordPress.com"
188.233.105.225 - - [26/Jul/2026:18:14:57 +0200] "POST /xmlrpc.php HTTP/1.1" 200 3922 "-" "Jetpack by WordPress.com (Jetpack 12.5; WordPress 6.2)"
188.233.105.225 - - [26/Jul/2026:18:15:08 +0200] "POST /xmlrpc.php HTTP/1.1" 200 3922 "-" "WordPress.com; https://wordpress.com"
188.233.105.225 - - [26/Jul/2026:18:15:19 +0200] "POST /xmlrpc.php HTTP/1.1" 200 3922 "-" "Jetpack by WordPress.com (Jetpack 13.0; WordPress 6.3)"
188.233.105.225 - - [26/Jul/2026:18:15:30 +0200] "POST /xmlrpc.php HTTP/1.1" 200 3922 "-" "WordPress.com; https://wordpress.com"
158.220.100.248 - - [26/Jul/2026:18:15:57 +0200] "POST /wp-cron.php?doing_wp_cron=1785082557.1245601177215576171875 HTTP/1.1" 200 4054 "-" "WordPress/7.0.2; https://cmaology.com"
91.92.243.235 - - [26/Jul/2026:18:15:56 +0200] "POST /wp-login.php HTTP/1.1" 200 9856 "-" "Mozilla/5.0"
158.220.100.248 - - [26/Jul/2026:18:17:18 +0200] "POST /wp-cron.php?doing_wp_cron=1785082638.7402830123901367187500 HTTP/1.1" 200 269 "-" "WordPress/7.0.2; https://cmaology.com"
104.23.217.136 - - [26/Jul/2026:18:17:18 +0200] "GET /wp-admin/install.php?step=1 HTTP/1.1" 200 911 "-" "http://cmaology.com/wp-admin/install.php?step=1"
158.220.100.248 - - [26/Jul/2026:18:19:35 +0200] "POST /wp-cron.php?doing_wp_cron=1785082775.6919848918914794921875 HTTP/1.1" 200 4054 "-" "WordPress/7.0.2; https://cmaology.com"
91.92.243.235 - - [26/Jul/2026:18:19:34 +0200] "POST /wp-login.php HTTP/1.1" 200 9856 "-" "Mozilla/5.0"
158.220.100.248 - - [26/Jul/2026:18:20:20 +0200] "POST /wp-cron.php?doing_wp_cron=1785082820.8675689697265625000000 HTTP/1.1" 200 4054 "-" "WordPress/7.0.2; https://cmaology.com"
134.122.94.138 - - [26/Jul/2026:18:20:20 +0200] "POST /api HTTP/1.1" 404 70532 "-" "Mozilla/5.0 (X11; Linux x86_64) AppleWebKit/537.36 (KHTML, like Gecko) Chrome/81.0.4044.129 Safari/537.36"
134.122.94.138 - - [26/Jul/2026:18:20:21 +0200] "POST / HTTP/1.1" 200 74389 "-" "Mozilla/5.0 (X11; Linux x86_64) AppleWebKit/537.36 (KHTML, like Gecko) Chrome/81.0.4044.129 Safari/537.36"
134.122.94.138 - - [26/Jul/2026:18:20:21 +0200] "POST /login HTTP/1.1" 302 411 "-" "Mozilla/5.0 (X11; Linux x86_64) AppleWebKit/537.36 (KHTML, like Gecko) Chrome/81.0.4044.129 Safari/537.36"
134.122.94.138 - - [26/Jul/2026:18:20:25 +0200] "POST /api HTTP/1.1" 404 66513 "-" "Mozilla/5.0 (X11; Linux x86_64) AppleWebKit/537.36 (KHTML, like Gecko) Chrome/81.0.4044.129 Safari/537.36"
158.220.100.248 - - [26/Jul/2026:18:20:38 +0200] "POST /wp-cron.php?doing_wp_cron=1785082838.4982609748840332031250 HTTP/1.1" 200 269 "-" "WordPress/7.0.2; https://cmaology.com"
134.122.94.138 - - [26/Jul/2026:18:20:38 +0200] "POST / HTTP/1.1" 200 73663 "-" "Mozilla/5.0 (X11; Linux x86_64) AppleWebKit/537.36 (KHTML, like Gecko) Chrome/81.0.4044.129 Safari/537.36"
134.122.94.138 - - [26/Jul/2026:18:20:39 +0200] "POST /login HTTP/1.1" 302 382 "-" "Mozilla/5.0 (X11; Linux x86_64) AppleWebKit/537.36 (KHTML, like Gecko) Chrome/81.0.4044.129 Safari/537.36"
158.220.100.248 - - [26/Jul/2026:18:23:19 +0200] "POST /wp-cron.php?doing_wp_cron=1785082999.2662980556488037109375 HTTP/1.1" 200 4054 "-" "WordPress/7.0.2; https://cmaology.com"
91.92.243.235 - - [26/Jul/2026:18:23:18 +0200] "POST /wp-login.php HTTP/1.1" 200 9856 "-" "Mozilla/5.0"
158.220.100.248 - - [26/Jul/2026:18:26:53 +0200] "POST /wp-cron.php?doing_wp_cron=1785083213.2126789093017578125000 HTTP/1.1" 200 4054 "-" "WordPress/7.0.2; https://cmaology.com"
91.92.243.235 - - [26/Jul/2026:18:26:52 +0200] "POST /wp-login.php HTTP/1.1" 200 9856 "-" "Mozilla/5.0"
158.220.100.248 - - [26/Jul/2026:18:30:32 +0200] "POST /wp-cron.php?doing_wp_cron=1785083432.3528130054473876953125 HTTP/1.1" 200 4054 "-" "WordPress/7.0.2; https://cmaology.com"
91.92.243.235 - - [26/Jul/2026:18:30:31 +0200] "POST /wp-login.php HTTP/1.1" 200 9856 "-" "Mozilla/5.0"
158.220.100.248 - - [26/Jul/2026:18:34:26 +0200] "POST /wp-cron.php?doing_wp_cron=1785083666.0308749675750732421875 HTTP/1.1" 200 4054 "-" "WordPress/7.0.2; https://cmaology.com"
91.92.243.235 - - [26/Jul/2026:18:34:25 +0200] "POST /wp-login.php HTTP/1.1" 200 9856 "-" "Mozilla/5.0"
158.220.100.248 - - [26/Jul/2026:18:38:07 +0200] "POST /wp-cron.php?doing_wp_cron=1785083887.9073219299316406250000 HTTP/1.1" 200 4054 "-" "WordPress/7.0.2; https://cmaology.com"
91.92.243.235 - - [26/Jul/2026:18:38:07 +0200] "POST /wp-login.php HTTP/1.1" 200 9856 "-" "Mozilla/5.0"
158.220.100.248 - - [26/Jul/2026:18:41:54 +0200] "POST /wp-cron.php?doing_wp_cron=1785084114.2315421104431152343750 HTTP/1.1" 200 4054 "-" "WordPress/7.0.2; https://cmaology.com"
91.92.243.235 - - [26/Jul/2026:18:41:53 +0200] "POST /wp-login.php HTTP/1.1" 200 9856 "-" "Mozilla/5.0"
158.220.100.248 - - [26/Jul/2026:18:45:39 +0200] "POST /wp-cron.php?doing_wp_cron=1785084339.5705780982971191406250 HTTP/1.1" 200 4054 "-" "WordPress/7.0.2; https://cmaology.com"
91.92.243.235 - - [26/Jul/2026:18:45:39 +0200] "POST /wp-login.php HTTP/1.1" 200 9856 "-" "Mozilla/5.0"
158.220.100.248 - - [26/Jul/2026:18:49:18 +0200] "POST /wp-cron.php?doing_wp_cron=1785084558.5852200984954833984375 HTTP/1.1" 200 4054 "-" "WordPress/7.0.2; https://cmaology.com"
91.92.243.235 - - [26/Jul/2026:18:49:18 +0200] "POST /wp-login.php HTTP/1.1" 200 9856 "-" "Mozilla/5.0"
158.220.100.248 - - [26/Jul/2026:18:53:07 +0200] "POST /wp-cron.php?doing_wp_cron=1785084787.0133190155029296875000 HTTP/1.1" 200 4054 "-" "WordPress/7.0.2; https://cmaology.com"
91.92.243.235 - - [26/Jul/2026:18:53:06 +0200] "POST /wp-login.php HTTP/1.1" 200 9856 "-" "Mozilla/5.0"
158.220.100.248 - - [26/Jul/2026:18:56:50 +0200] "POST /wp-cron.php?doing_wp_cron=1785085010.3279678821563720703125 HTTP/1.1" 200 4054 "-" "WordPress/7.0.2; https://cmaology.com"
91.92.243.235 - - [26/Jul/2026:18:56:49 +0200] "POST /wp-login.php HTTP/1.1" 200 9856 "-" "Mozilla/5.0"
158.220.100.248 - - [26/Jul/2026:19:00:32 +0200] "POST /wp-cron.php?doing_wp_cron=1785085232.7291159629821777343750 HTTP/1.1" 200 4054 "-" "WordPress/7.0.2; https://cmaology.com"
91.92.243.235 - - [26/Jul/2026:19:00:32 +0200] "POST /wp-login.php HTTP/1.1" 200 9856 "-" "Mozilla/5.0"
158.220.100.248 - - [26/Jul/2026:19:04:18 +0200] "POST /wp-cron.php?doing_wp_cron=1785085458.1375179290771484375000 HTTP/1.1" 200 4054 "-" "WordPress/7.0.2; https://cmaology.com"
91.92.243.235 - - [26/Jul/2026:19:04:17 +0200] "POST /wp-login.php HTTP/1.1" 200 9856 "-" "Mozilla/5.0"
158.220.100.248 - - [26/Jul/2026:19:07:50 +0200] "POST /wp-cron.php?doing_wp_cron=1785085670.1862239837646484375000 HTTP/1.1" 200 4054 "-" "WordPress/7.0.2; https://cmaology.com"
91.92.243.235 - - [26/Jul/2026:19:07:49 +0200] "POST /wp-login.php HTTP/1.1" 200 9856 "-" "Mozilla/5.0"
158.220.100.248 - - [26/Jul/2026:19:11:29 +0200] "POST /wp-cron.php?doing_wp_cron=1785085889.5073509216308593750000 HTTP/1.1" 200 4054 "-" "WordPress/7.0.2; https://cmaology.com"
91.92.243.235 - - [26/Jul/2026:19:11:29 +0200] "POST /wp-login.php HTTP/1.1" 200 9856 "-" "Mozilla/5.0"
158.220.100.248 - - [26/Jul/2026:19:15:17 +0200] "POST /wp-cron.php?doing_wp_cron=1785086117.4326899051666259765625 HTTP/1.1" 200 4054 "-" "WordPress/7.0.2; https://cmaology.com"
91.92.243.235 - - [26/Jul/2026:19:15:16 +0200] "POST /wp-login.php HTTP/1.1" 200 9856 "-" "Mozilla/5.0"
158.220.100.248 - - [26/Jul/2026:19:17:51 +0200] "POST /wp-cron.php?doing_wp_cron=1785086271.3139879703521728515625 HTTP/1.1" 200 4054 "-" "WordPress/7.0.2; https://cmaology.com"
74.7.175.129 - - [26/Jul/2026:19:17:51 +0200] "GET /robots.txt HTTP/1.1" 200 4181 "-" "Mozilla/5.0 (Macintosh; Intel Mac OS X 10_15_7) AppleWebKit/537.36 (KHTML, like Gecko) Chrome/131.0.0.0 Safari/537.36; compatible; OAI-SearchBot/1.4; robots.txt; +https://openai.com/searchbot"
74.7.227.169 - - [26/Jul/2026:19:17:51 +0200] "GET / HTTP/1.1" 200 18344 "-" "Mozilla/5.0 AppleWebKit/537.36 (KHTML, like Gecko; compatible; GPTBot/1.4; +https://openai.com/gptbot)"
74.7.227.169 - - [26/Jul/2026:19:17:57 +0200] "GET /f-technology-and-analytics-15-levels-a-b-and-c/ HTTP/1.1" 200 20214 "https://cmaology.com/" "Mozilla/5.0 AppleWebKit/537.36 (KHTML, like Gecko; compatible; GPTBot/1.4; +https://openai.com/gptbot)"
74.7.227.169 - - [26/Jul/2026:19:17:59 +0200] "GET /d-cost-management-15-levels-a-b-and-c/ HTTP/1.1" 200 16372 "https://cmaology.com/" "Mozilla/5.0 AppleWebKit/537.36 (KHTML, like Gecko; compatible; GPTBot/1.4; +https://openai.com/gptbot)"
74.7.227.169 - - [26/Jul/2026:19:18:02 +0200] "GET /c-performance-management/ HTTP/1.1" 200 16076 "https://cmaology.com/" "Mozilla/5.0 AppleWebKit/537.36 (KHTML, like Gecko; compatible; GPTBot/1.4; +https://openai.com/gptbot)"
74.7.227.169 - - [26/Jul/2026:19:18:04 +0200] "GET /a-external-financial-reporting-decisions/ HTTP/1.1" 200 16258 "https://cmaology.com/" "Mozilla/5.0 AppleWebKit/537.36 (KHTML, like Gecko; compatible; GPTBot/1.4; +https://openai.com/gptbot)"
74.7.227.169 - - [26/Jul/2026:19:18:06 +0200] "GET /feed/ HTTP/1.1" 200 5563 "https://cmaology.com/" "Mozilla/5.0 AppleWebKit/537.36 (KHTML, like Gecko; compatible; GPTBot/1.4; +https://openai.com/gptbot)"
74.7.227.169 - - [26/Jul/2026:19:18:08 +0200] "GET /cma-study-materials/ HTTP/1.1" 200 18599 "https://cmaology.com/" "Mozilla/5.0 AppleWebKit/537.36 (KHTML, like Gecko; compatible; GPTBot/1.4; +https://openai.com/gptbot)"
74.7.227.169 - - [26/Jul/2026:19:18:10 +0200] "GET /study-now/ HTTP/1.1" 200 13103 "https://cmaology.com/" "Mozilla/5.0 AppleWebKit/537.36 (KHTML, like Gecko; compatible; GPTBot/1.4; +https://openai.com/gptbot)"
74.7.227.169 - - [26/Jul/2026:19:18:11 +0200] "GET /?p=55 HTTP/1.1" 301 359 "https://cmaology.com/cma-study-materials/" "Mozilla/5.0 AppleWebKit/537.36 (KHTML, like Gecko; compatible; GPTBot/1.4; +https://openai.com/gptbot)"
74.7.227.169 - - [26/Jul/2026:19:18:12 +0200] "GET /a-financial-statement-analysis/ HTTP/1.1" 200 16133 "https://cmaology.com/" "Mozilla/5.0 AppleWebKit/537.36 (KHTML, like Gecko; compatible; GPTBot/1.4; +https://openai.com/gptbot)"
74.7.227.169 - - [26/Jul/2026:19:18:14 +0200] "GET /resources/ HTTP/1.1" 200 13100 "https://cmaology.com/" "Mozilla/5.0 AppleWebKit/537.36 (KHTML, like Gecko; compatible; GPTBot/1.4; +https://openai.com/gptbot)"
74.7.227.169 - - [26/Jul/2026:19:18:15 +0200] "GET /cma-part-1/ HTTP/1.1" 200 20850 "https://cmaology.com/" "Mozilla/5.0 AppleWebKit/537.36 (KHTML, like Gecko; compatible; GPTBot/1.4; +https://openai.com/gptbot)"
74.7.227.169 - - [26/Jul/2026:19:18:16 +0200] "GET /c-business-decision-analysis/ HTTP/1.1" 200 15769 "https://cmaology.com/" "Mozilla/5.0 AppleWebKit/537.36 (KHTML, like Gecko; compatible; GPTBot/1.4; +https://openai.com/gptbot)"
74.7.227.169 - - [26/Jul/2026:19:18:17 +0200] "GET /?p=71 HTTP/1.1" 301 386 "https://cmaology.com/f-technology-and-analytics-15-levels-a-b-and-c/" "Mozilla/5.0 AppleWebKit/537.36 (KHTML, like Gecko; compatible; GPTBot/1.4; +https://openai.com/gptbot)"
74.7.227.169 - - [26/Jul/2026:19:18:18 +0200] "GET /?p=67 HTTP/1.1" 301 377 "https://cmaology.com/d-cost-management-15-levels-a-b-and-c/" "Mozilla/5.0 AppleWebKit/537.36 (KHTML, like Gecko; compatible; GPTBot/1.4; +https://openai.com/gptbot)"
74.7.227.169 - - [26/Jul/2026:19:18:18 +0200] "GET /?p=65 HTTP/1.1" 301 364 "https://cmaology.com/c-performance-management/" "Mozilla/5.0 AppleWebKit/537.36 (KHTML, like Gecko; compatible; GPTBot/1.4; +https://openai.com/gptbot)"
74.7.227.169 - - [26/Jul/2026:19:18:19 +0200] "GET /?p=61 HTTP/1.1" 301 380 "https://cmaology.com/a-external-financial-reporting-decisions/" "Mozilla/5.0 AppleWebKit/537.36 (KHTML, like Gecko; compatible; GPTBot/1.4; +https://openai.com/gptbot)"
74.7.227.169 - - [26/Jul/2026:19:18:19 +0200] "GET /d-enterprise-risk-management/ HTTP/1.1" 200 14918 "https://cmaology.com/" "Mozilla/5.0 AppleWebKit/537.36 (KHTML, like Gecko; compatible; GPTBot/1.4; +https://openai.com/gptbot)"
74.7.227.169 - - [26/Jul/2026:19:18:20 +0200] "GET /?p=55 HTTP/1.1" 301 359 "https://cmaology.com/cma-study-materials/" "Mozilla/5.0 AppleWebKit/537.36 (KHTML, like Gecko; compatible; GPTBot/1.4; +https://openai.com/gptbot)"
74.7.227.169 - - [26/Jul/2026:19:18:20 +0200] "GET /?p=121 HTTP/1.1" 301 349 "https://cmaology.com/study-now/" "Mozilla/5.0 AppleWebKit/537.36 (KHTML, like Gecko; compatible; GPTBot/1.4; +https://openai.com/gptbot)"
74.7.227.169 - - [26/Jul/2026:19:18:21 +0200] "GET /?p=79 HTTP/1.1" 301 370 "https://cmaology.com/a-financial-statement-analysis/" "Mozilla/5.0 AppleWebKit/537.36 (KHTML, like Gecko; compatible; GPTBot/1.4; +https://openai.com/gptbot)"
74.7.227.169 - - [26/Jul/2026:19:18:22 +0200] "GET /?p=141 HTTP/1.1" 301 349 "https://cmaology.com/resources/" "Mozilla/5.0 AppleWebKit/537.36 (KHTML, like Gecko; compatible; GPTBot/1.4; +https://openai.com/gptbot)"
74.7.227.169 - - [26/Jul/2026:19:18:22 +0200] "GET /?p=28 HTTP/1.1" 301 350 "https://cmaology.com/cma-part-1/" "Mozilla/5.0 AppleWebKit/537.36 (KHTML, like Gecko; compatible; GPTBot/1.4; +https://openai.com/gptbot)"
74.7.227.169 - - [26/Jul/2026:19:18:23 +0200] "GET /?p=83 HTTP/1.1" 301 368 "https://cmaology.com/c-business-decision-analysis/" "Mozilla/5.0 AppleWebKit/537.36 (KHTML, like Gecko; compatible; GPTBot/1.4; +https://openai.com/gptbot)"
74.7.227.169 - - [26/Jul/2026:19:18:23 +0200] "GET /e-capital-investment-decisions/ HTTP/1.1" 200 15108 "https://cmaology.com/" "Mozilla/5.0 AppleWebKit/537.36 (KHTML, like Gecko; compatible; GPTBot/1.4; +https://openai.com/gptbot)"
74.7.227.169 - - [26/Jul/2026:19:18:24 +0200] "GET /e-internal-controls-15-levels-a-b-and-c/ HTTP/1.1" 200 15949 "https://cmaology.com/" "Mozilla/5.0 AppleWebKit/537.36 (KHTML, like Gecko; compatible; GPTBot/1.4; +https://openai.com/gptbot)"
74.7.227.169 - - [26/Jul/2026:19:18:24 +0200] "GET /b-planning-budgeting-and-forecasting-20/ HTTP/1.1" 200 16724 "https://cmaology.com/" "Mozilla/5.0 AppleWebKit/537.36 (KHTML, like Gecko; compatible; GPTBot/1.4; +https://openai.com/gptbot)"
74.7.227.169 - - [26/Jul/2026:19:18:25 +0200] "GET /blog/ HTTP/1.1" 200 13705 "https://cmaology.com/" "Mozilla/5.0 AppleWebKit/537.36 (KHTML, like Gecko; compatible; GPTBot/1.4; +https://openai.com/gptbot)"
74.7.227.169 - - [26/Jul/2026:19:18:26 +0200] "GET /?p=85 HTTP/1.1" 301 368 "https://cmaology.com/d-enterprise-risk-management/" "Mozilla/5.0 AppleWebKit/537.36 (KHTML, like Gecko; compatible; GPTBot/1.4; +https://openai.com/gptbot)"
74.7.227.169 - - [26/Jul/2026:19:18:26 +0200] "GET /f-professional-ethics/ HTTP/1.1" 200 15552 "https://cmaology.com/" "Mozilla/5.0 AppleWebKit/537.36 (KHTML, like Gecko; compatible; GPTBot/1.4; +https://openai.com/gptbot)"
74.7.227.169 - - [26/Jul/2026:19:18:27 +0200] "GET /meet-hesham-metwally/ HTTP/1.1" 200 18793 "https://cmaology.com/" "Mozilla/5.0 AppleWebKit/537.36 (KHTML, like Gecko; compatible; GPTBot/1.4; +https://openai.com/gptbot)"
74.7.227.169 - - [26/Jul/2026:19:18:27 +0200] "GET /cma-resources/ HTTP/1.1" 200 18284 "https://cmaology.com/" "Mozilla/5.0 AppleWebKit/537.36 (KHTML, like Gecko; compatible; GPTBot/1.4; +https://openai.com/gptbot)"
74.7.227.169 - - [26/Jul/2026:19:18:28 +0200] "GET /xmlrpc.php?rsd HTTP/1.1" 200 502 "https://cmaology.com/" "Mozilla/5.0 AppleWebKit/537.36 (KHTML, like Gecko; compatible; GPTBot/1.4; +https://openai.com/gptbot)"
74.7.227.169 - - [26/Jul/2026:19:18:28 +0200] "GET /comments/feed/ HTTP/1.1" 200 802 "https://cmaology.com/" "Mozilla/5.0 AppleWebKit/537.36 (KHTML, like Gecko; compatible; GPTBot/1.4; +https://openai.com/gptbot)"
74.7.227.169 - - [26/Jul/2026:19:18:29 +0200] "GET /wp-includes/js/wp-emoji-release.min.js?ver=7.0.2 HTTP/1.1" 200 5681 "https://cmaology.com/" "Mozilla/5.0 AppleWebKit/537.36 (KHTML, like Gecko; compatible; GPTBot/1.4; +https://openai.com/gptbot)"
74.7.227.169 - - [26/Jul/2026:19:18:29 +0200] "GET /?p=87 HTTP/1.1" 301 370 "https://cmaology.com/e-capital-investment-decisions/" "Mozilla/5.0 AppleWebKit/537.36 (KHTML, like Gecko; compatible; GPTBot/1.4; +https://openai.com/gptbot)"
74.7.227.169 - - [26/Jul/2026:19:18:30 +0200] "GET /?p=69 HTTP/1.1" 301 379 "https://cmaology.com/e-internal-controls-15-levels-a-b-and-c/" "Mozilla/5.0 AppleWebKit/537.36 (KHTML, like Gecko; compatible; GPTBot/1.4; +https://openai.com/gptbot)"
74.7.227.169 - - [26/Jul/2026:19:18:30 +0200] "GET /?p=63 HTTP/1.1" 301 379 "https://cmaology.com/b-planning-budgeting-and-forecasting-20/" "Mozilla/5.0 AppleWebKit/537.36 (KHTML, like Gecko; compatible; GPTBot/1.4; +https://openai.com/gptbot)"
74.7.227.169 - - [26/Jul/2026:19:18:31 +0200] "GET /?p=89 HTTP/1.1" 301 361 "https://cmaology.com/f-professional-ethics/" "Mozilla/5.0 AppleWebKit/537.36 (KHTML, like Gecko; compatible; GPTBot/1.4; +https://openai.com/gptbot)"
74.7.227.169 - - [26/Jul/2026:19:18:31 +0200] "GET /?p=42 HTTP/1.1" 301 360 "https://cmaology.com/meet-hesham-metwally/" "Mozilla/5.0 AppleWebKit/537.36 (KHTML, like Gecko; compatible; GPTBot/1.4; +https://openai.com/gptbot)"
74.7.227.169 - - [26/Jul/2026:19:18:32 +0200] "GET /?p=21 HTTP/1.1" 301 353 "https://cmaology.com/cma-resources/" "Mozilla/5.0 AppleWebKit/537.36 (KHTML, like Gecko; compatible; GPTBot/1.4; +https://openai.com/gptbot)"
158.220.100.248 - - [26/Jul/2026:19:18:58 +0200] "POST /wp-cron.php?doing_wp_cron=1785086338.6335999965667724609375 HTTP/1.1" 200 4054 "-" "WordPress/7.0.2; https://cmaology.com"
91.92.243.235 - - [26/Jul/2026:19:18:58 +0200] "POST /wp-login.php HTTP/1.1" 200 9856 "-" "Mozilla/5.0"
158.220.100.248 - - [26/Jul/2026:19:22:47 +0200] "POST /wp-cron.php?doing_wp_cron=1785086567.4863739013671875000000 HTTP/1.1" 200 4054 "-" "WordPress/7.0.2; https://cmaology.com"
91.92.243.235 - - [26/Jul/2026:19:22:46 +0200] "POST /wp-login.php HTTP/1.1" 200 9856 "-" "Mozilla/5.0"
158.220.100.248 - - [26/Jul/2026:19:25:15 +0200] "POST /wp-cron.php?doing_wp_cron=1785086715.8113989830017089843750 HTTP/1.1" 200 4054 "-" "WordPress/7.0.2; https://cmaology.com"
47.82.15.27 - - [26/Jul/2026:19:25:15 +0200] "GET /c-business-decision-analysis/ HTTP/1.1" 200 19522 "-" "Mozilla/5.0 (Windows NT 10.0; Win64; x64) AppleWebKit/537.36 (KHTML, like Gecko) Chrome/140.0.0.0 Safari/537.36"
158.220.100.248 - - [26/Jul/2026:19:26:33 +0200] "POST /wp-cron.php?doing_wp_cron=1785086793.0983140468597412109375 HTTP/1.1" 200 4054 "-" "WordPress/7.0.2; https://cmaology.com"
91.92.243.235 - - [26/Jul/2026:19:26:32 +0200] "POST /wp-login.php HTTP/1.1" 200 9856 "-" "Mozilla/5.0"
158.220.100.248 - - [26/Jul/2026:19:27:52 +0200] "POST /wp-cron.php?doing_wp_cron=1785086872.2799038887023925781250 HTTP/1.1" 200 4054 "-" "WordPress/7.0.2; https://cmaology.com"
216.73.217.84 - - [26/Jul/2026:19:27:52 +0200] "GET /robots.txt HTTP/1.1" 200 4181 "-" "Mozilla/5.0 AppleWebKit/537.36 (KHTML, like Gecko; compatible; ClaudeBot/1.0; +claudebot@anthropic.com)"
216.73.217.84 - - [26/Jul/2026:19:27:52 +0200] "GET /sitemap_index.xml HTTP/1.1" 200 630 "-" "Mozilla/5.0 AppleWebKit/537.36 (KHTML, like Gecko; compatible; ClaudeBot/1.0; +claudebot@anthropic.com)"
158.220.100.248 - - [26/Jul/2026:19:30:16 +0200] "POST /wp-cron.php?doing_wp_cron=1785087016.0200300216674804687500 HTTP/1.1" 200 4054 "-" "WordPress/7.0.2; https://cmaology.com"
91.92.243.235 - - [26/Jul/2026:19:30:15 +0200] "POST /wp-login.php HTTP/1.1" 200 9856 "-" "Mozilla/5.0"
158.220.100.248 - - [26/Jul/2026:19:33:07 +0200] "POST /wp-cron.php?doing_wp_cron=1785087187.9495229721069335937500 HTTP/1.1" 200 4054 "-" "WordPress/7.0.2; https://cmaology.com"
47.82.51.20 - - [26/Jul/2026:19:33:07 +0200] "GET /b-planning-budgeting-and-forecasting-20/ HTTP/1.1" 200 20477 "-" "Mozilla/5.0 (Macintosh; Intel Mac OS X 10_15_7) AppleWebKit/537.36 (KHTML, like Gecko) Chrome/139.0.0.0 Safari/537.36"
158.220.100.248 - - [26/Jul/2026:19:34:05 +0200] "POST /wp-cron.php?doing_wp_cron=1785087245.6929719448089599609375 HTTP/1.1" 200 4054 "-" "WordPress/7.0.2; https://cmaology.com"
91.92.243.235 - - [26/Jul/2026:19:34:05 +0200] "POST /wp-login.php HTTP/1.1" 200 9856 "-" "Mozilla/5.0"
158.220.100.248 - - [26/Jul/2026:19:37:46 +0200] "POST /wp-cron.php?doing_wp_cron=1785087466.5765650272369384765625 HTTP/1.1" 200 4054 "-" "WordPress/7.0.2; https://cmaology.com"
91.92.243.235 - - [26/Jul/2026:19:37:46 +0200] "POST /wp-login.php HTTP/1.1" 200 9856 "-" "Mozilla/5.0"
158.220.100.248 - - [26/Jul/2026:19:41:32 +0200] "POST /wp-cron.php?doing_wp_cron=1785087692.5979089736938476562500 HTTP/1.1" 200 4054 "-" "WordPress/7.0.2; https://cmaology.com"
91.92.243.235 - - [26/Jul/2026:19:41:32 +0200] "POST /wp-login.php HTTP/1.1" 200 9856 "-" "Mozilla/5.0"
158.220.100.248 - - [26/Jul/2026:19:42:54 +0200] "POST /wp-cron.php?doing_wp_cron=1785087774.7864899635314941406250 HTTP/1.1" 200 4054 "-" "WordPress/7.0.2; https://cmaology.com"
103.111.39.97 - - [26/Jul/2026:19:42:54 +0200] "POST /xmlrpc.php HTTP/1.1" 200 3922 "-" "Jetpack by WordPress.com"
74.7.227.169 - - [26/Jul/2026:19:42:57 +0200] "GET /sitemap_index.xml HTTP/1.1" 200 4431 "-" "Mozilla/5.0 AppleWebKit/537.36 (KHTML, like Gecko; compatible; GPTBot/1.4; +https://openai.com/gptbot)"
103.111.39.97 - - [26/Jul/2026:19:43:04 +0200] "POST /xmlrpc.php HTTP/1.1" 200 3922 "-" "Jetpack by WordPress.com (Jetpack 13.0; WordPress 6.3)"
103.111.39.97 - - [26/Jul/2026:19:43:15 +0200] "POST /xmlrpc.php HTTP/1.1" 200 3922 "-" "Jetpack by WordPress.com (Jetpack 12.0; WordPress 6.1)"
103.111.39.97 - - [26/Jul/2026:19:43:25 +0200] "POST /xmlrpc.php HTTP/1.1" 200 3922 "-" "Jetpack by WordPress.com (Jetpack 13.0; WordPress 6.2)"
103.111.39.97 - - [26/Jul/2026:19:43:36 +0200] "POST /xmlrpc.php HTTP/1.1" 200 3922 "-" "Jetpack by WordPress.com"
158.220.100.248 - - [26/Jul/2026:19:43:47 +0200] "POST /wp-cron.php?doing_wp_cron=1785087827.0941169261932373046875 HTTP/1.1" 200 4054 "-" "WordPress/7.0.2; https://cmaology.com"
103.111.39.97 - - [26/Jul/2026:19:43:46 +0200] "POST /xmlrpc.php HTTP/1.1" 200 3922 "-" "Jetpack/13.0; WordPress/6.3; http://site75970696.com"
103.111.39.97 - - [26/Jul/2026:19:43:57 +0200] "POST /xmlrpc.php HTTP/1.1" 200 3922 "-" "Jetpack by WordPress.com (Jetpack 12.5; WordPress 6.4)"
103.111.39.97 - - [26/Jul/2026:19:44:08 +0200] "POST /xmlrpc.php HTTP/1.1" 200 3922 "-" "Jetpack/13.0; WordPress/6.2; http://site41528515.com"
103.111.39.97 - - [26/Jul/2026:19:44:18 +0200] "POST /xmlrpc.php HTTP/1.1" 200 3922 "-" "Jetpack/12.0; WordPress/6.3; http://site71728512.com"
103.111.39.97 - - [26/Jul/2026:19:44:29 +0200] "POST /xmlrpc.php HTTP/1.1" 200 3922 "-" "Jetpack/12.0; WordPress/6.4; http://site43138115.com"
158.220.100.248 - - [26/Jul/2026:19:44:40 +0200] "POST /wp-cron.php?doing_wp_cron=1785087880.3346529006958007812500 HTTP/1.1" 200 4054 "-" "WordPress/7.0.2; https://cmaology.com"
103.111.39.97 - - [26/Jul/2026:19:44:39 +0200] "POST /xmlrpc.php HTTP/1.1" 200 3922 "-" "Jetpack/13.0; WordPress/6.1; http://site36091201.com"
103.111.39.97 - - [26/Jul/2026:19:44:50 +0200] "POST /xmlrpc.php HTTP/1.1" 200 3922 "-" "Jetpack by WordPress.com (Jetpack 13.0; WordPress 6.2)"
103.111.39.97 - - [26/Jul/2026:19:45:01 +0200] "POST /xmlrpc.php HTTP/1.1" 200 3922 "-" "Jetpack/12.0; WordPress/6.3; http://site97426598.com"
91.92.243.235 - - [26/Jul/2026:19:45:09 +0200] "POST /wp-login.php HTTP/1.1" 200 9856 "-" "Mozilla/5.0"
103.111.39.97 - - [26/Jul/2026:19:45:11 +0200] "POST /xmlrpc.php HTTP/1.1" 200 3922 "-" "Jetpack/12.5; WordPress/6.2; http://site53838490.com"
103.111.39.97 - - [26/Jul/2026:19:45:22 +0200] "POST /xmlrpc.php HTTP/1.1" 200 3922 "-" "Jetpack/12.1; WordPress/6.3; http://site50284815.com"
103.111.39.97 - - [26/Jul/2026:19:45:33 +0200] "POST /xmlrpc.php HTTP/1.1" 200 3922 "-" "Jetpack by WordPress.com"
158.220.100.248 - - [26/Jul/2026:19:45:44 +0200] "POST /wp-cron.php?doing_wp_cron=1785087944.0415260791778564453125 HTTP/1.1" 200 4054 "-" "WordPress/7.0.2; https://cmaology.com"
103.111.39.97 - - [26/Jul/2026:19:45:43 +0200] "POST /xmlrpc.php HTTP/1.1" 200 3922 "-" "Jetpack by WordPress.com"
103.111.39.97 - - [26/Jul/2026:19:45:54 +0200] "POST /xmlrpc.php HTTP/1.1" 200 3922 "-" "Jetpack by WordPress.com"
103.111.39.97 - - [26/Jul/2026:19:46:05 +0200] "POST /xmlrpc.php HTTP/1.1" 200 3922 "-" "Jetpack by WordPress.com"
103.111.39.97 - - [26/Jul/2026:19:46:15 +0200] "POST /xmlrpc.php HTTP/1.1" 200 3922 "-" "Jetpack by WordPress.com (Jetpack 12.1; WordPress 6.4)"
103.111.39.97 - - [26/Jul/2026:19:46:26 +0200] "POST /xmlrpc.php HTTP/1.1" 200 3922 "-" "Jetpack/12.1; WordPress/6.4; http://site74160568.com"
158.220.100.248 - - [26/Jul/2026:19:46:37 +0200] "POST /wp-cron.php?doing_wp_cron=1785087997.2899720668792724609375 HTTP/1.1" 200 4054 "-" "WordPress/7.0.2; https://cmaology.com"
103.111.39.97 - - [26/Jul/2026:19:46:36 +0200] "POST /xmlrpc.php HTTP/1.1" 200 3922 "-" "Jetpack/12.0; WordPress/6.3; http://site29332465.com"
103.111.39.97 - - [26/Jul/2026:19:46:47 +0200] "POST /xmlrpc.php HTTP/1.1" 200 3922 "-" "Jetpack by WordPress.com (Jetpack 13.0; WordPress 6.3)"
103.111.39.97 - - [26/Jul/2026:19:46:58 +0200] "POST /xmlrpc.php HTTP/1.1" 200 3922 "-" "Jetpack/12.5; WordPress/6.2; http://site21497438.com"
103.111.39.97 - - [26/Jul/2026:19:47:08 +0200] "POST /xmlrpc.php HTTP/1.1" 200 3922 "-" "Jetpack by WordPress.com"
103.111.39.97 - - [26/Jul/2026:19:47:19 +0200] "POST /xmlrpc.php HTTP/1.1" 200 3922 "-" "Jetpack/12.1; WordPress/6.3; http://site41297317.com"
103.111.39.97 - - [26/Jul/2026:19:47:31 +0200] "POST /xmlrpc.php HTTP/1.1" 200 3922 "-" "WordPress.com; https://wordpress.com"
158.220.100.248 - - [26/Jul/2026:19:47:40 +0200] "POST /wp-cron.php?doing_wp_cron=1785088060.9743530750274658203125 HTTP/1.1" 200 4054 "-" "WordPress/7.0.2; https://cmaology.com"
103.111.39.97 - - [26/Jul/2026:19:47:40 +0200] "POST /xmlrpc.php HTTP/1.1" 200 3922 "-" "WordPress.com; https://wordpress.com"
103.111.39.97 - - [26/Jul/2026:19:47:51 +0200] "POST /xmlrpc.php HTTP/1.1" 200 3922 "-" "Jetpack by WordPress.com"
103.111.39.97 - - [26/Jul/2026:19:48:01 +0200] "POST /xmlrpc.php HTTP/1.1" 200 3922 "-" "Jetpack by WordPress.com"
103.111.39.97 - - [26/Jul/2026:19:48:12 +0200] "POST /xmlrpc.php HTTP/1.1" 200 3922 "-" "Jetpack by WordPress.com (Jetpack 12.5; WordPress 6.3)"
103.111.39.97 - - [26/Jul/2026:19:48:23 +0200] "POST /xmlrpc.php HTTP/1.1" 200 3922 "-" "Jetpack by WordPress.com (Jetpack 12.5; WordPress 6.4)"
103.111.39.97 - - [26/Jul/2026:19:48:34 +0200] "POST /xmlrpc.php HTTP/1.1" 200 3922 "-" "Jetpack by WordPress.com"
158.220.100.248 - - [26/Jul/2026:19:48:42 +0200] "POST /wp-cron.php?doing_wp_cron=1785088122.0593841075897216796875 HTTP/1.1" 200 4054 "-" "WordPress/7.0.2; https://cmaology.com"
91.92.243.235 - - [26/Jul/2026:19:48:41 +0200] "POST /wp-login.php HTTP/1.1" 200 9856 "-" "Mozilla/5.0"
103.111.39.97 - - [26/Jul/2026:19:48:44 +0200] "POST /xmlrpc.php HTTP/1.1" 200 3922 "-" "WordPress.com; https://wordpress.com"
103.111.39.97 - - [26/Jul/2026:19:48:54 +0200] "POST /xmlrpc.php HTTP/1.1" 200 3922 "-" "WordPress.com; https://wordpress.com"
103.111.39.97 - - [26/Jul/2026:19:49:05 +0200] "POST /xmlrpc.php HTTP/1.1" 200 3922 "-" "Jetpack by WordPress.com"
103.111.39.97 - - [26/Jul/2026:19:49:16 +0200] "POST /xmlrpc.php HTTP/1.1" 200 3922 "-" "Jetpack by WordPress.com (Jetpack 12.1; WordPress 6.3)"
103.111.39.97 - - [26/Jul/2026:19:49:27 +0200] "POST /xmlrpc.php HTTP/1.1" 200 3922 "-" "Jetpack/12.0; WordPress/6.2; http://site26809690.com"
158.220.100.248 - - [26/Jul/2026:19:49:37 +0200] "POST /wp-cron.php?doing_wp_cron=1785088177.7536339759826660156250 HTTP/1.1" 200 4054 "-" "WordPress/7.0.2; https://cmaology.com"
103.111.39.97 - - [26/Jul/2026:19:49:37 +0200] "POST /xmlrpc.php HTTP/1.1" 200 3922 "-" "Jetpack by WordPress.com (Jetpack 12.0; WordPress 6.2)"
103.111.39.97 - - [26/Jul/2026:19:49:48 +0200] "POST /xmlrpc.php HTTP/1.1" 200 3922 "-" "Jetpack/12.1; WordPress/6.2; http://site86890012.com"
103.111.39.97 - - [26/Jul/2026:19:49:58 +0200] "POST /xmlrpc.php HTTP/1.1" 200 3922 "-" "Jetpack/12.5; WordPress/6.1; http://site86119423.com"
103.111.39.97 - - [26/Jul/2026:19:50:09 +0200] "POST /xmlrpc.php HTTP/1.1" 200 3922 "-" "Jetpack/12.5; WordPress/6.2; http://site62709035.com"
103.111.39.97 - - [26/Jul/2026:19:50:19 +0200] "POST /xmlrpc.php HTTP/1.1" 200 3922 "-" "Jetpack by WordPress.com (Jetpack 13.0; WordPress 6.2)"
103.111.39.97 - - [26/Jul/2026:19:50:30 +0200] "POST /xmlrpc.php HTTP/1.1" 200 3922 "-" "WordPress.com; https://wordpress.com"
158.220.100.248 - - [26/Jul/2026:19:50:41 +0200] "POST /wp-cron.php?doing_wp_cron=1785088241.5301630496978759765625 HTTP/1.1" 200 4054 "-" "WordPress/7.0.2; https://cmaology.com"
103.111.39.97 - - [26/Jul/2026:19:50:41 +0200] "POST /xmlrpc.php HTTP/1.1" 200 3922 "-" "Jetpack by WordPress.com (Jetpack 13.0; WordPress 6.1)"
103.111.39.97 - - [26/Jul/2026:19:50:52 +0200] "POST /xmlrpc.php HTTP/1.1" 200 3922 "-" "WordPress.com; https://wordpress.com"
103.111.39.97 - - [26/Jul/2026:19:51:02 +0200] "POST /xmlrpc.php HTTP/1.1" 200 3922 "-" "Jetpack by WordPress.com"
103.111.39.97 - - [26/Jul/2026:19:51:13 +0200] "POST /xmlrpc.php HTTP/1.1" 200 3922 "-" "Jetpack/13.0; WordPress/6.3; http://site38979338.com"
103.111.39.97 - - [26/Jul/2026:19:51:23 +0200] "POST /xmlrpc.php HTTP/1.1" 200 3922 "-" "Jetpack by WordPress.com"
103.111.39.97 - - [26/Jul/2026:19:51:34 +0200] "POST /xmlrpc.php HTTP/1.1" 200 3922 "-" "Jetpack/12.0; WordPress/6.1; http://site95926981.com"
158.220.100.248 - - [26/Jul/2026:19:51:45 +0200] "POST /wp-cron.php?doing_wp_cron=1785088305.3771300315856933593750 HTTP/1.1" 200 4054 "-" "WordPress/7.0.2; https://cmaology.com"
103.111.39.97 - - [26/Jul/2026:19:51:45 +0200] "POST /xmlrpc.php HTTP/1.1" 200 3922 "-" "Jetpack/12.0; WordPress/6.2; http://site36570062.com"
103.111.39.97 - - [26/Jul/2026:19:51:55 +0200] "POST /xmlrpc.php HTTP/1.1" 200 3922 "-" "Jetpack by WordPress.com"
103.111.39.97 - - [26/Jul/2026:19:52:06 +0200] "POST /xmlrpc.php HTTP/1.1" 200 3922 "-" "WordPress.com; https://wordpress.com"
103.111.39.97 - - [26/Jul/2026:19:52:16 +0200] "POST /xmlrpc.php HTTP/1.1" 200 3922 "-" "WordPress.com; https://wordpress.com"
91.92.243.235 - - [26/Jul/2026:19:52:17 +0200] "POST /wp-login.php HTTP/1.1" 200 9856 "-" "Mozilla/5.0"
103.111.39.97 - - [26/Jul/2026:19:52:27 +0200] "POST /xmlrpc.php HTTP/1.1" 200 3922 "-" "Jetpack/12.0; WordPress/6.2; http://site58989084.com"
158.220.100.248 - - [26/Jul/2026:19:52:38 +0200] "POST /wp-cron.php?doing_wp_cron=1785088358.5681829452514648437500 HTTP/1.1" 200 4054 "-" "WordPress/7.0.2; https://cmaology.com"
103.111.39.97 - - [26/Jul/2026:19:52:38 +0200] "POST /xmlrpc.php HTTP/1.1" 200 3922 "-" "Jetpack by WordPress.com"
103.111.39.97 - - [26/Jul/2026:19:52:48 +0200] "POST /xmlrpc.php HTTP/1.1" 200 3922 "-" "WordPress.com; https://wordpress.com"
103.111.39.97 - - [26/Jul/2026:19:52:59 +0200] "POST /xmlrpc.php HTTP/1.1" 200 3922 "-" "Jetpack/13.0; WordPress/6.3; http://site56574235.com"
103.111.39.97 - - [26/Jul/2026:19:53:09 +0200] "POST /xmlrpc.php HTTP/1.1" 200 3922 "-" "Jetpack by WordPress.com"
103.111.39.97 - - [26/Jul/2026:19:53:20 +0200] "POST /xmlrpc.php HTTP/1.1" 200 3922 "-" "Jetpack/13.0; WordPress/6.1; http://site23955624.com"
103.111.39.97 - - [26/Jul/2026:19:53:32 +0200] "POST /xmlrpc.php HTTP/1.1" 200 3922 "-" "Jetpack by WordPress.com"
158.220.100.248 - - [26/Jul/2026:19:53:42 +0200] "POST /wp-cron.php?doing_wp_cron=1785088422.0240650177001953125000 HTTP/1.1" 200 4054 "-" "WordPress/7.0.2; https://cmaology.com"
103.111.39.97 - - [26/Jul/2026:19:53:41 +0200] "POST /xmlrpc.php HTTP/1.1" 200 3922 "-" "Jetpack/12.1; WordPress/6.1; http://site43197500.com"
103.111.39.97 - - [26/Jul/2026:19:53:52 +0200] "POST /xmlrpc.php HTTP/1.1" 200 3922 "-" "Jetpack by WordPress.com"
103.111.39.97 - - [26/Jul/2026:19:54:02 +0200] "POST /xmlrpc.php HTTP/1.1" 200 3922 "-" "Jetpack by WordPress.com (Jetpack 12.5; WordPress 6.4)"
103.111.39.97 - - [26/Jul/2026:19:54:13 +0200] "POST /xmlrpc.php HTTP/1.1" 200 3922 "-" "Jetpack/12.1; WordPress/6.1; http://site26999347.com"
103.111.39.97 - - [26/Jul/2026:19:54:24 +0200] "POST /xmlrpc.php HTTP/1.1" 200 3922 "-" "Jetpack by WordPress.com"
103.111.39.97 - - [26/Jul/2026:19:54:34 +0200] "POST /xmlrpc.php HTTP/1.1" 200 3922 "-" "Jetpack by WordPress.com (Jetpack 12.5; WordPress 6.1)"
158.220.100.248 - - [26/Jul/2026:19:54:45 +0200] "POST /wp-cron.php?doing_wp_cron=1785088485.7779240608215332031250 HTTP/1.1" 200 4054 "-" "WordPress/7.0.2; https://cmaology.com"
103.111.39.97 - - [26/Jul/2026:19:54:45 +0200] "POST /xmlrpc.php HTTP/1.1" 200 3922 "-" "WordPress.com; https://wordpress.com"
103.111.39.97 - - [26/Jul/2026:19:54:56 +0200] "POST /xmlrpc.php HTTP/1.1" 200 3922 "-" "Jetpack/12.1; WordPress/6.1; http://site16287823.com"
103.111.39.97 - - [26/Jul/2026:19:55:07 +0200] "POST /xmlrpc.php HTTP/1.1" 200 3922 "-" "Jetpack by WordPress.com (Jetpack 12.1; WordPress 6.3)"
103.111.39.97 - - [26/Jul/2026:19:55:17 +0200] "POST /xmlrpc.php HTTP/1.1" 200 3922 "-" "WordPress.com; https://wordpress.com"
103.111.39.97 - - [26/Jul/2026:19:55:28 +0200] "POST /xmlrpc.php HTTP/1.1" 200 3922 "-" "WordPress.com; https://wordpress.com"
158.220.100.248 - - [26/Jul/2026:19:55:38 +0200] "POST /wp-cron.php?doing_wp_cron=1785088538.7137830257415771484375 HTTP/1.1" 200 4054 "-" "WordPress/7.0.2; https://cmaology.com"
103.111.39.97 - - [26/Jul/2026:19:55:38 +0200] "POST /xmlrpc.php HTTP/1.1" 200 3922 "-" "Jetpack by WordPress.com"
103.111.39.97 - - [26/Jul/2026:19:55:49 +0200] "POST /xmlrpc.php HTTP/1.1" 200 3922 "-" "Jetpack by WordPress.com"
91.92.243.235 - - [26/Jul/2026:19:55:53 +0200] "POST /wp-login.php HTTP/1.1" 200 9856 "-" "Mozilla/5.0"
103.111.39.97 - - [26/Jul/2026:19:55:59 +0200] "POST /xmlrpc.php HTTP/1.1" 200 3922 "-" "Jetpack by WordPress.com (Jetpack 12.0; WordPress 6.3)"
103.111.39.97 - - [26/Jul/2026:19:56:10 +0200] "POST /xmlrpc.php HTTP/1.1" 200 3922 "-" "WordPress.com; https://wordpress.com"
103.111.39.97 - - [26/Jul/2026:19:56:20 +0200] "POST /xmlrpc.php HTTP/1.1" 200 3922 "-" "WordPress.com; https://wordpress.com"
103.111.39.97 - - [26/Jul/2026:19:56:31 +0200] "POST /xmlrpc.php HTTP/1.1" 200 3922 "-" "Jetpack by WordPress.com"
158.220.100.248 - - [26/Jul/2026:19:56:42 +0200] "POST /wp-cron.php?doing_wp_cron=1785088602.5129420757293701171875 HTTP/1.1" 200 4054 "-" "WordPress/7.0.2; https://cmaology.com"
103.111.39.97 - - [26/Jul/2026:19:56:42 +0200] "POST /xmlrpc.php HTTP/1.1" 200 3922 "-" "WordPress.com; https://wordpress.com"
103.111.39.97 - - [26/Jul/2026:19:56:52 +0200] "POST /xmlrpc.php HTTP/1.1" 200 3922 "-" "Jetpack by WordPress.com"
103.111.39.97 - - [26/Jul/2026:19:57:03 +0200] "POST /xmlrpc.php HTTP/1.1" 200 3922 "-" "WordPress.com; https://wordpress.com"
103.111.39.97 - - [26/Jul/2026:19:57:13 +0200] "POST /xmlrpc.php HTTP/1.1" 200 3922 "-" "WordPress.com; https://wordpress.com"
103.111.39.97 - - [26/Jul/2026:19:57:24 +0200] "POST /xmlrpc.php HTTP/1.1" 200 3922 "-" "Jetpack/12.0; WordPress/6.4; http://site31920461.com"
103.111.39.97 - - [26/Jul/2026:19:57:36 +0200] "POST /xmlrpc.php HTTP/1.1" 200 3922 "-" "Jetpack/12.0; WordPress/6.1; http://site78515304.com"
158.220.100.248 - - [26/Jul/2026:19:57:46 +0200] "POST /wp-cron.php?doing_wp_cron=1785088666.1269578933715820312500 HTTP/1.1" 200 4054 "-" "WordPress/7.0.2; https://cmaology.com"
103.111.39.97 - - [26/Jul/2026:19:57:45 +0200] "POST /xmlrpc.php HTTP/1.1" 200 3922 "-" "Jetpack/12.0; WordPress/6.4; http://site34719916.com"
103.111.39.97 - - [26/Jul/2026:19:57:56 +0200] "POST /xmlrpc.php HTTP/1.1" 200 3922 "-" "Jetpack by WordPress.com (Jetpack 12.5; WordPress 6.3)"
103.111.39.97 - - [26/Jul/2026:19:58:07 +0200] "POST /xmlrpc.php HTTP/1.1" 200 3922 "-" "Jetpack by WordPress.com (Jetpack 12.1; WordPress 6.3)"
103.111.39.97 - - [26/Jul/2026:19:58:17 +0200] "POST /xmlrpc.php HTTP/1.1" 200 3922 "-" "WordPress.com; https://wordpress.com"
103.111.39.97 - - [26/Jul/2026:19:58:28 +0200] "POST /xmlrpc.php HTTP/1.1" 200 3922 "-" "Jetpack by WordPress.com"
158.220.100.248 - - [26/Jul/2026:19:58:39 +0200] "POST /wp-cron.php?doing_wp_cron=1785088719.2445089817047119140625 HTTP/1.1" 200 4054 "-" "WordPress/7.0.2; https://cmaology.com"
103.111.39.97 - - [26/Jul/2026:19:58:38 +0200] "POST /xmlrpc.php HTTP/1.1" 200 3922 "-" "Jetpack by WordPress.com"
103.111.39.97 - - [26/Jul/2026:19:58:49 +0200] "POST /xmlrpc.php HTTP/1.1" 200 3922 "-" "Jetpack/12.0; WordPress/6.2; http://site53042370.com"
103.111.39.97 - - [26/Jul/2026:19:59:00 +0200] "POST /xmlrpc.php HTTP/1.1" 200 3922 "-" "Jetpack by WordPress.com (Jetpack 13.0; WordPress 6.2)"
103.111.39.97 - - [26/Jul/2026:19:59:12 +0200] "POST /xmlrpc.php HTTP/1.1" 200 3922 "-" "WordPress.com; https://wordpress.com"
158.220.100.248 - - [26/Jul/2026:19:59:21 +0200] "POST /wp-cron.php?doing_wp_cron=1785088761.9716351032257080078125 HTTP/1.1" 200 4054 "-" "WordPress/7.0.2; https://cmaology.com"
103.111.39.97 - - [26/Jul/2026:19:59:21 +0200] "POST /xmlrpc.php HTTP/1.1" 200 3922 "-" "Jetpack by WordPress.com"
91.92.243.235 - - [26/Jul/2026:19:59:31 +0200] "POST /wp-login.php HTTP/1.1" 200 9856 "-" "Mozilla/5.0"
103.111.39.97 - - [26/Jul/2026:19:59:31 +0200] "POST /xmlrpc.php HTTP/1.1" 200 3922 "-" "Jetpack by WordPress.com (Jetpack 13.0; WordPress 6.3)"
158.220.100.248 - - [26/Jul/2026:19:59:42 +0200] "POST /wp-cron.php?doing_wp_cron=1785088782.8864150047302246093750 HTTP/1.1" 200 4054 "-" "WordPress/7.0.2; https://cmaology.com"
103.111.39.97 - - [26/Jul/2026:19:59:42 +0200] "POST /xmlrpc.php HTTP/1.1" 200 3922 "-" "WordPress.com; https://wordpress.com"
103.111.39.97 - - [26/Jul/2026:19:59:53 +0200] "POST /xmlrpc.php HTTP/1.1" 200 3922 "-" "WordPress.com; https://wordpress.com"
103.111.39.97 - - [26/Jul/2026:20:00:03 +0200] "POST /xmlrpc.php HTTP/1.1" 200 3922 "-" "WordPress.com; https://wordpress.com"
