20.151.221.234 - - [26/Jul/2026:20:47:20 +0200] "GET /wp-mail.php HTTP/1.1" 403 2919 "-" "Mozilla/5.0 (Windows NT 10.0; Win64; x64) AppleWebKit/537.36 (KHTML, like Gecko) Chrome/120.0.0.0 Safari/537.36"
20.151.221.234 - - [26/Jul/2026:20:47:20 +0200] "GET /bolt.php HTTP/1.1" 404 59696 "-" "Mozilla/5.0 (Windows NT 10.0; Win64; x64) AppleWebKit/537.36 (KHTML, like Gecko) Chrome/120.0.0.0 Safari/537.36"
20.151.221.234 - - [26/Jul/2026:20:47:20 +0200] "GET /bthil.php HTTP/1.1" 404 59696 "-" "Mozilla/5.0 (Windows NT 10.0; Win64; x64) AppleWebKit/537.36 (KHTML, like Gecko) Chrome/120.0.0.0 Safari/537.36"
20.151.221.234 - - [26/Jul/2026:20:47:21 +0200] "GET /cgi-bin/ HTTP/1.1" 403 421 "-" "Mozilla/5.0 (Windows NT 10.0; Win64; x64) AppleWebKit/537.36 (KHTML, like Gecko) Chrome/120.0.0.0 Safari/537.36"
20.151.221.234 - - [26/Jul/2026:20:47:21 +0200] "GET /x.php HTTP/1.1" 404 59696 "-" "Mozilla/5.0 (Windows NT 10.0; Win64; x64) AppleWebKit/537.36 (KHTML, like Gecko) Chrome/120.0.0.0 Safari/537.36"
20.151.221.234 - - [26/Jul/2026:20:47:21 +0200] "GET /abcd.php HTTP/1.1" 404 59696 "-" "Mozilla/5.0 (Windows NT 10.0; Win64; x64) AppleWebKit/537.36 (KHTML, like Gecko) Chrome/120.0.0.0 Safari/537.36"
20.151.221.234 - - [26/Jul/2026:20:47:21 +0200] "GET /wp-good.php HTTP/1.1" 404 59696 "-" "Mozilla/5.0 (Windows NT 10.0; Win64; x64) AppleWebKit/537.36 (KHTML, like Gecko) Chrome/120.0.0.0 Safari/537.36"
20.151.221.234 - - [26/Jul/2026:20:47:22 +0200] "GET /simple.php HTTP/1.1" 404 59696 "-" "Mozilla/5.0 (Windows NT 10.0; Win64; x64) AppleWebKit/537.36 (KHTML, like Gecko) Chrome/120.0.0.0 Safari/537.36"
20.151.221.234 - - [26/Jul/2026:20:47:22 +0200] "GET /edit-tags.php HTTP/1.1" 404 59696 "-" "Mozilla/5.0 (Windows NT 10.0; Win64; x64) AppleWebKit/537.36 (KHTML, like Gecko) Chrome/120.0.0.0 Safari/537.36"
20.151.221.234 - - [26/Jul/2026:20:47:22 +0200] "GET /u.php HTTP/1.1" 404 59696 "-" "Mozilla/5.0 (Windows NT 10.0; Win64; x64) AppleWebKit/537.36 (KHTML, like Gecko) Chrome/120.0.0.0 Safari/537.36"
20.151.221.234 - - [26/Jul/2026:20:47:23 +0200] "GET /h.php HTTP/1.1" 404 59696 "-" "Mozilla/5.0 (Windows NT 10.0; Win64; x64) AppleWebKit/537.36 (KHTML, like Gecko) Chrome/120.0.0.0 Safari/537.36"
20.151.221.234 - - [26/Jul/2026:20:47:23 +0200] "GET /ms-edit.php HTTP/1.1" 404 59696 "-" "Mozilla/5.0 (Windows NT 10.0; Win64; x64) AppleWebKit/537.36 (KHTML, like Gecko) Chrome/120.0.0.0 Safari/537.36"
66.249.79.170 - - [26/Jul/2026:20:47:23 +0200] "GET /robots.txt HTTP/1.1" 200 4164 "-" "Mozilla/5.0 (compatible; Googlebot/2.1; +http://www.google.com/bot.html)"
20.151.221.234 - - [26/Jul/2026:20:47:23 +0200] "GET /a7.php HTTP/1.1" 404 59696 "-" "Mozilla/5.0 (Windows NT 10.0; Win64; x64) AppleWebKit/537.36 (KHTML, like Gecko) Chrome/120.0.0.0 Safari/537.36"
20.151.221.234 - - [26/Jul/2026:20:47:24 +0200] "GET /manager.php HTTP/1.1" 404 59696 "-" "Mozilla/5.0 (Windows NT 10.0; Win64; x64) AppleWebKit/537.36 (KHTML, like Gecko) Chrome/120.0.0.0 Safari/537.36"
66.249.79.170 - - [26/Jul/2026:20:47:24 +0200] "GET / HTTP/1.1" 200 17625 "-" "Mozilla/5.0 (Linux; Android 6.0.1; Nexus 5X Build/MMB29P) AppleWebKit/537.36 (KHTML, like Gecko) Chrome/99.0.4844.84 Mobile Safari/537.36 (compatible; Googlebot/2.1; +http://www.google.com/bot.html)"
20.151.221.234 - - [26/Jul/2026:20:47:24 +0200] "GET /w1.php HTTP/1.1" 404 59696 "-" "Mozilla/5.0 (Windows NT 10.0; Win64; x64) AppleWebKit/537.36 (KHTML, like Gecko) Chrome/120.0.0.0 Safari/537.36"
20.151.221.234 - - [26/Jul/2026:20:47:24 +0200] "GET /wp-includes/fonts/ HTTP/1.1" 403 421 "-" "Mozilla/5.0 (Windows NT 10.0; Win64; x64) AppleWebKit/537.36 (KHTML, like Gecko) Chrome/120.0.0.0 Safari/537.36"
20.151.221.234 - - [26/Jul/2026:20:47:24 +0200] "GET /wp-login.php HTTP/1.1" 200 2477 "-" "Mozilla/5.0 (Windows NT 10.0; Win64; x64) AppleWebKit/537.36 (KHTML, like Gecko) Chrome/120.0.0.0 Safari/537.36"
20.151.221.234 - - [26/Jul/2026:20:47:25 +0200] "GET /default.php HTTP/1.1" 404 59696 "-" "Mozilla/5.0 (Windows NT 10.0; Win64; x64) AppleWebKit/537.36 (KHTML, like Gecko) Chrome/120.0.0.0 Safari/537.36"
20.151.221.234 - - [26/Jul/2026:20:47:25 +0200] "GET /i.php HTTP/1.1" 404 59696 "-" "Mozilla/5.0 (Windows NT 10.0; Win64; x64) AppleWebKit/537.36 (KHTML, like Gecko) Chrome/120.0.0.0 Safari/537.36"
66.249.79.168 - - [26/Jul/2026:20:47:25 +0200] "GET / HTTP/1.1" 200 17625 "-" "Mozilla/5.0 (compatible; Googlebot/2.1; +http://www.google.com/bot.html)"
20.151.221.234 - - [26/Jul/2026:20:47:25 +0200] "GET /wp-includes/Requests/library/index.php HTTP/1.1" 301 424 "-" "Mozilla/5.0 (Windows NT 10.0; Win64; x64) AppleWebKit/537.36 (KHTML, like Gecko) Chrome/120.0.0.0 Safari/537.36"
20.151.221.234 - - [26/Jul/2026:20:47:25 +0200] "GET /gecko-new.php HTTP/1.1" 404 59696 "-" "Mozilla/5.0 (Windows NT 10.0; Win64; x64) AppleWebKit/537.36 (KHTML, like Gecko) Chrome/120.0.0.0 Safari/537.36"
20.151.221.234 - - [26/Jul/2026:20:47:26 +0200] "GET /NewFile.php HTTP/1.1" 404 59696 "-" "Mozilla/5.0 (Windows NT 10.0; Win64; x64) AppleWebKit/537.36 (KHTML, like Gecko) Chrome/120.0.0.0 Safari/537.36"
66.249.79.169 - - [26/Jul/2026:20:47:26 +0200] "GET /wp-content/themes/kadence/assets/css/content.min.css?ver=1.2.21 HTTP/1.1" 200 10227 "https://ifrsology.com/" "Mozilla/5.0 AppleWebKit/537.36 (KHTML, like Gecko; compatible; Googlebot/2.1; +http://www.google.com/bot.html) Chrome/150.0.7871.124 Safari/537.36"
20.151.221.234 - - [26/Jul/2026:20:47:26 +0200] "GET /wp-Blogs.php HTTP/1.1" 404 59696 "-" "Mozilla/5.0 (Windows NT 10.0; Win64; x64) AppleWebKit/537.36 (KHTML, like Gecko) Chrome/120.0.0.0 Safari/537.36"
66.249.79.170 - - [26/Jul/2026:20:47:26 +0200] "GET /wp-content/themes/kadence/assets/js/navigation.min.js?ver=1.2.21 HTTP/1.1" 200 5286 "https://ifrsology.com/" "Mozilla/5.0 (Linux; Android 6.0.1; Nexus 5X Build/MMB29P) AppleWebKit/537.36 (KHTML, like Gecko) Chrome/150.0.7871.124 Mobile Safari/537.36 (compatible; Googlebot/2.1; +http://www.google.com/bot.html)"
20.151.221.234 - - [26/Jul/2026:20:47:26 +0200] "GET /wp-includes/fonts/index.php HTTP/1.1" 301 413 "-" "Mozilla/5.0 (Windows NT 10.0; Win64; x64) AppleWebKit/537.36 (KHTML, like Gecko) Chrome/120.0.0.0 Safari/537.36"
20.151.221.234 - - [26/Jul/2026:20:47:26 +0200] "GET /cv.php HTTP/1.1" 404 59696 "-" "Mozilla/5.0 (Windows NT 10.0; Win64; x64) AppleWebKit/537.36 (KHTML, like Gecko) Chrome/120.0.0.0 Safari/537.36"
20.151.221.234 - - [26/Jul/2026:20:47:27 +0200] "GET /wp-content/uploads/index.php HTTP/1.1" 301 414 "-" "Mozilla/5.0 (Windows NT 10.0; Win64; x64) AppleWebKit/537.36 (KHTML, like Gecko) Chrome/120.0.0.0 Safari/537.36"
20.151.221.234 - - [26/Jul/2026:20:47:27 +0200] "GET /ws83.php HTTP/1.1" 404 59696 "-" "Mozilla/5.0 (Windows NT 10.0; Win64; x64) AppleWebKit/537.36 (KHTML, like Gecko) Chrome/120.0.0.0 Safari/537.36"
66.249.79.168 - - [26/Jul/2026:20:47:27 +0200] "GET /wp-content/themes/kadence/assets/css/global.min.css?ver=1.2.21 HTTP/1.1" 200 9134 "https://ifrsology.com/" "Mozilla/5.0 (Linux; Android 6.0.1; Nexus 5X Build/MMB29P) AppleWebKit/537.36 (KHTML, like Gecko) Chrome/150.0.7871.124 Mobile Safari/537.36 (compatible; Googlebot/2.1; +http://www.google.com/bot.html)"
20.151.221.234 - - [26/Jul/2026:20:47:27 +0200] "GET /atex1.php HTTP/1.1" 404 59696 "-" "Mozilla/5.0 (Windows NT 10.0; Win64; x64) AppleWebKit/537.36 (KHTML, like Gecko) Chrome/120.0.0.0 Safari/537.36"
66.249.79.168 - - [26/Jul/2026:20:47:27 +0200] "GET /wp-content/themes/kadence/assets/css/header.min.css?ver=1.2.21 HTTP/1.1" 200 4660 "https://ifrsology.com/" "Mozilla/5.0 AppleWebKit/537.36 (KHTML, like Gecko; compatible; Googlebot/2.1; +http://www.google.com/bot.html) Chrome/150.0.7871.124 Safari/537.36"
20.151.221.234 - - [26/Jul/2026:20:47:28 +0200] "GET /class-t.api.php HTTP/1.1" 404 59696 "-" "Mozilla/5.0 (Windows NT 10.0; Win64; x64) AppleWebKit/537.36 (KHTML, like Gecko) Chrome/120.0.0.0 Safari/537.36"
66.249.79.168 - - [26/Jul/2026:20:47:28 +0200] "GET /wp-content/themes/kadence/assets/css/footer.min.css?ver=1.2.21 HTTP/1.1" 200 2234 "https://ifrsology.com/" "Mozilla/5.0 AppleWebKit/537.36 (KHTML, like Gecko; compatible; Googlebot/2.1; +http://www.google.com/bot.html) Chrome/150.0.7871.124 Safari/537.36"
20.151.221.234 - - [26/Jul/2026:20:47:28 +0200] "GET /archive.php HTTP/1.1" 404 59696 "-" "Mozilla/5.0 (Windows NT 10.0; Win64; x64) AppleWebKit/537.36 (KHTML, like Gecko) Chrome/120.0.0.0 Safari/537.36"
20.151.221.234 - - [26/Jul/2026:20:47:28 +0200] "GET /bless.php HTTP/1.1" 404 59696 "-" "Mozilla/5.0 (Windows NT 10.0; Win64; x64) AppleWebKit/537.36 (KHTML, like Gecko) Chrome/120.0.0.0 Safari/537.36"
66.249.79.168 - - [26/Jul/2026:20:47:28 +0200] "GET /wp-content/themes/kadence/assets/js/navigation.min.js?ver=1.2.21 HTTP/1.1" 200 5286 "https://ifrsology.com/" "Mozilla/5.0 AppleWebKit/537.36 (KHTML, like Gecko; compatible; Googlebot/2.1; +http://www.google.com/bot.html) Chrome/150.0.7871.124 Safari/537.36"
20.151.221.234 - - [26/Jul/2026:20:47:28 +0200] "GET /sagax1.php HTTP/1.1" 404 59696 "-" "Mozilla/5.0 (Windows NT 10.0; Win64; x64) AppleWebKit/537.36 (KHTML, like Gecko) Chrome/120.0.0.0 Safari/537.36"
20.151.221.234 - - [26/Jul/2026:20:47:29 +0200] "GET /wpc.php HTTP/1.1" 404 59696 "-" "Mozilla/5.0 (Windows NT 10.0; Win64; x64) AppleWebKit/537.36 (KHTML, like Gecko) Chrome/120.0.0.0 Safari/537.36"
66.249.79.168 - - [26/Jul/2026:20:47:29 +0200] "GET /wp-content/themes/kadence/assets/css/content.min.css?ver=1.2.21 HTTP/1.1" 200 6497 "https://ifrsology.com/" "Mozilla/5.0 (Linux; Android 6.0.1; Nexus 5X Build/MMB29P) AppleWebKit/537.36 (KHTML, like Gecko) Chrome/150.0.7871.124 Mobile Safari/537.36 (compatible; Googlebot/2.1; +http://www.google.com/bot.html)"
20.151.221.234 - - [26/Jul/2026:20:47:29 +0200] "GET /fone1.php HTTP/1.1" 404 59696 "-" "Mozilla/5.0 (Windows NT 10.0; Win64; x64) AppleWebKit/537.36 (KHTML, like Gecko) Chrome/120.0.0.0 Safari/537.36"
20.151.221.234 - - [26/Jul/2026:20:47:29 +0200] "GET /ncx.php HTTP/1.1" 404 59696 "-" "Mozilla/5.0 (Windows NT 10.0; Win64; x64) AppleWebKit/537.36 (KHTML, like Gecko) Chrome/120.0.0.0 Safari/537.36"
20.151.221.234 - - [26/Jul/2026:20:47:29 +0200] "GET /wp-admin/js/index.php HTTP/1.1" 301 407 "-" "Mozilla/5.0 (Windows NT 10.0; Win64; x64) AppleWebKit/537.36 (KHTML, like Gecko) Chrome/120.0.0.0 Safari/537.36"
66.249.79.168 - - [26/Jul/2026:20:47:30 +0200] "GET /wp-content/themes/kadence/assets/css/global.min.css?ver=1.2.21 HTTP/1.1" 200 5404 "https://ifrsology.com/" "Mozilla/5.0 AppleWebKit/537.36 (KHTML, like Gecko; compatible; Googlebot/2.1; +http://www.google.com/bot.html) Chrome/150.0.7871.124 Safari/537.36"
20.151.221.234 - - [26/Jul/2026:20:47:30 +0200] "GET /zup.php73 HTTP/1.1" 404 59696 "-" "Mozilla/5.0 (Windows NT 10.0; Win64; x64) AppleWebKit/537.36 (KHTML, like Gecko) Chrome/120.0.0.0 Safari/537.36"
20.151.221.234 - - [26/Jul/2026:20:47:30 +0200] "GET /k.php HTTP/1.1" 404 59696 "-" "Mozilla/5.0 (Windows NT 10.0; Win64; x64) AppleWebKit/537.36 (KHTML, like Gecko) Chrome/120.0.0.0 Safari/537.36"
20.151.221.234 - - [26/Jul/2026:20:47:30 +0200] "GET /wp-blink.php HTTP/1.1" 404 59696 "-" "Mozilla/5.0 (Windows NT 10.0; Win64; x64) AppleWebKit/537.36 (KHTML, like Gecko) Chrome/120.0.0.0 Safari/537.36"
66.249.79.169 - - [26/Jul/2026:20:47:31 +0200] "GET /wp-content/themes/kadence/assets/css/header.min.css?ver=1.2.21 HTTP/1.1" 200 8390 "https://ifrsology.com/" "Mozilla/5.0 (Linux; Android 6.0.1; Nexus 5X Build/MMB29P) AppleWebKit/537.36 (KHTML, like Gecko) Chrome/150.0.7871.124 Mobile Safari/537.36 (compatible; Googlebot/2.1; +http://www.google.com/bot.html)"
20.151.221.234 - - [26/Jul/2026:20:47:30 +0200] "GET /randkeyword.PhP7 HTTP/1.1" 404 59696 "-" "Mozilla/5.0 (Windows NT 10.0; Win64; x64) AppleWebKit/537.36 (KHTML, like Gecko) Chrome/120.0.0.0 Safari/537.36"
66.249.79.169 - - [26/Jul/2026:20:47:31 +0200] "GET /wp-content/themes/kadence/assets/css/footer.min.css?ver=1.2.21 HTTP/1.1" 200 2234 "https://ifrsology.com/" "Mozilla/5.0 (Linux; Android 6.0.1; Nexus 5X Build/MMB29P) AppleWebKit/537.36 (KHTML, like Gecko) Chrome/150.0.7871.124 Mobile Safari/537.36 (compatible; Googlebot/2.1; +http://www.google.com/bot.html)"
20.151.221.234 - - [26/Jul/2026:20:47:31 +0200] "GET /ww5.php HTTP/1.1" 404 59696 "-" "Mozilla/5.0 (Windows NT 10.0; Win64; x64) AppleWebKit/537.36 (KHTML, like Gecko) Chrome/120.0.0.0 Safari/537.36"
20.151.221.234 - - [26/Jul/2026:20:47:31 +0200] "GET /wp-admin/classwithtostring.php HTTP/1.1" 404 59696 "-" "Mozilla/5.0 (Windows NT 10.0; Win64; x64) AppleWebKit/537.36 (KHTML, like Gecko) Chrome/120.0.0.0 Safari/537.36"
20.151.221.234 - - [26/Jul/2026:20:47:31 +0200] "GET /rip.php HTTP/1.1" 404 59696 "-" "Mozilla/5.0 (Windows NT 10.0; Win64; x64) AppleWebKit/537.36 (KHTML, like Gecko) Chrome/120.0.0.0 Safari/537.36"
20.151.221.234 - - [26/Jul/2026:20:47:32 +0200] "GET /p.php HTTP/1.1" 404 59696 "-" "Mozilla/5.0 (Windows NT 10.0; Win64; x64) AppleWebKit/537.36 (KHTML, like Gecko) Chrome/120.0.0.0 Safari/537.36"
20.151.221.234 - - [26/Jul/2026:20:47:32 +0200] "GET /goods.php HTTP/1.1" 404 59696 "-" "Mozilla/5.0 (Windows NT 10.0; Win64; x64) AppleWebKit/537.36 (KHTML, like Gecko) Chrome/120.0.0.0 Safari/537.36"
66.249.79.168 - - [26/Jul/2026:20:47:34 +0200] "GET /favicon.ico HTTP/1.1" 302 4110 "-" "Googlebot-Image/1.0"
66.249.79.168 - - [26/Jul/2026:20:47:34 +0200] "GET /wp-includes/images/w-logo-blue-white-bg.png HTTP/1.1" 200 4411 "-" "Googlebot-Image/1.0"
198.244.240.112 - - [26/Jul/2026:20:49:32 +0200] "GET /wp-sitemap.xml HTTP/1.1" 200 4231 "-" "Mozilla/5.0 (compatible; AhrefsBot/7.0; +http://ahrefs.com/robot/)"
198.244.242.148 - - [26/Jul/2026:20:49:34 +0200] "GET /wp-sitemap-posts-post-1.xml HTTP/1.1" 200 4275 "-" "Mozilla/5.0 (compatible; AhrefsBot/7.0; +http://ahrefs.com/robot/)"
198.244.226.108 - - [26/Jul/2026:20:49:35 +0200] "GET /wp-sitemap-posts-page-1.xml HTTP/1.1" 200 5695 "-" "Mozilla/5.0 (compatible; AhrefsBot/7.0; +http://ahrefs.com/robot/)"
198.244.168.94 - - [26/Jul/2026:20:49:37 +0200] "GET /wp-sitemap-taxonomies-category-1.xml HTTP/1.1" 200 4208 "-" "Mozilla/5.0 (compatible; AhrefsBot/7.0; +http://ahrefs.com/robot/)"
158.220.100.248 - - [26/Jul/2026:20:54:50 +0200] "POST /wp-cron.php?doing_wp_cron=1785092090.0555419921875000000000 HTTP/1.1" 200 4057 "-" "WordPress/7.0.2; https://ifrsology.com"
47.82.51.81 - - [26/Jul/2026:20:54:48 +0200] "GET /blog/ HTTP/1.1" 200 16538 "-" "Mozilla/5.0 (X11; Linux x86_64) AppleWebKit/537.36 (KHTML, like Gecko) Chrome/149.0.0.0 Safari/537.36"
47.82.51.81 - - [26/Jul/2026:20:54:50 +0200] "GET /wp-content/themes/kadence/assets/css/global.min.css?ver=1.2.21 HTTP/1.1" 200 5404 "https://ifrsology.com/blog/" "Mozilla/5.0 (X11; Linux x86_64) AppleWebKit/537.36 (KHTML, like Gecko) Chrome/149.0.0.0 Safari/537.36"
47.82.51.81 - - [26/Jul/2026:20:54:50 +0200] "GET /wp-content/themes/kadence/assets/css/header.min.css?ver=1.2.21 HTTP/1.1" 200 4660 "https://ifrsology.com/blog/" "Mozilla/5.0 (X11; Linux x86_64) AppleWebKit/537.36 (KHTML, like Gecko) Chrome/149.0.0.0 Safari/537.36"
47.82.51.81 - - [26/Jul/2026:20:54:50 +0200] "GET /wp-content/themes/kadence/assets/css/content.min.css?ver=1.2.21 HTTP/1.1" 200 7055 "https://ifrsology.com/blog/" "Mozilla/5.0 (X11; Linux x86_64) AppleWebKit/537.36 (KHTML, like Gecko) Chrome/149.0.0.0 Safari/537.36"
47.82.51.81 - - [26/Jul/2026:20:54:50 +0200] "GET /wp-content/themes/kadence/assets/css/footer.min.css?ver=1.2.21 HTTP/1.1" 200 2234 "https://ifrsology.com/blog/" "Mozilla/5.0 (X11; Linux x86_64) AppleWebKit/537.36 (KHTML, like Gecko) Chrome/149.0.0.0 Safari/537.36"
47.82.51.81 - - [26/Jul/2026:20:54:50 +0200] "GET /wp-content/themes/kadence/assets/js/navigation.min.js?ver=1.2.21 HTTP/1.1" 200 5286 "https://ifrsology.com/blog/" "Mozilla/5.0 (X11; Linux x86_64) AppleWebKit/537.36 (KHTML, like Gecko) Chrome/149.0.0.0 Safari/537.36"
47.82.51.81 - - [26/Jul/2026:20:54:50 +0200] "GET /wp-content/uploads/2026/06/cropped-IFRSology-Logo.png HTTP/1.1" 200 25658 "https://ifrsology.com/blog/" "Mozilla/5.0 (X11; Linux x86_64) AppleWebKit/537.36 (KHTML, like Gecko) Chrome/149.0.0.0 Safari/537.36"
47.82.51.81 - - [26/Jul/2026:20:54:51 +0200] "GET /wp-includes/js/wp-emoji-release.min.js?ver=7.0.2 HTTP/1.1" 200 5736 "https://ifrsology.com/blog/" "Mozilla/5.0 (X11; Linux x86_64) AppleWebKit/537.36 (KHTML, like Gecko) Chrome/149.0.0.0 Safari/537.36"
47.82.51.81 - - [26/Jul/2026:20:54:52 +0200] "GET /favicon.ico HTTP/1.1" 302 380 "https://ifrsology.com/blog/" "Mozilla/5.0 (X11; Linux x86_64) AppleWebKit/537.36 (KHTML, like Gecko) Chrome/149.0.0.0 Safari/537.36"
47.82.51.81 - - [26/Jul/2026:20:54:52 +0200] "GET /wp-includes/images/w-logo-blue-white-bg.png HTTP/1.1" 200 4411 "https://ifrsology.com/blog/" "Mozilla/5.0 (X11; Linux x86_64) AppleWebKit/537.36 (KHTML, like Gecko) Chrome/149.0.0.0 Safari/537.36"
163.181.207.169 - - [26/Jul/2026:21:10:46 +0200] "GET /wp-json/wp/v2/posts HTTP/1.0" 200 8374 "-" "Mozilla/5.0 (Windows NT 10.0; Win64; x64) AppleWebKit/537.36 (KHTML, like Gecko) Chrome/120.0.0.0 Safari/537.36"
158.220.100.248 - - [26/Jul/2026:21:34:48 +0200] "POST /wp-cron.php?doing_wp_cron=1785094488.0545461177825927734375 HTTP/1.1" 200 4057 "-" "WordPress/7.0.2; https://ifrsology.com"
104.210.140.139 - - [26/Jul/2026:21:34:46 +0200] "GET /robots.txt HTTP/1.1" 200 4135 "-" "Mozilla/5.0 (Macintosh; Intel Mac OS X 10_15_7) AppleWebKit/537.36 (KHTML, like Gecko) Chrome/131.0.0.0 Safari/537.36; compatible; OAI-SearchBot/1.0; +https://openai.com/searchbot"
34.23.128.254 - - [26/Jul/2026:21:35:52 +0200] "HEAD /blog/ HTTP/1.1" 200 216 "-" "Mozilla/5.0 (iPad; CPU OS 17_4 like Mac OS X) AppleWebKit/605.1.15 (KHTML, like Gecko) Version/17.4 Mobile/15E148 Safari/604.1"
34.23.128.254 - - [26/Jul/2026:21:35:52 +0200] "HEAD /backup/ HTTP/1.1" 404 297 "-" "Mozilla/5.0 (Macintosh; Intel Mac OS X 13_5) AppleWebKit/605.1.15 (KHTML, like Gecko) Version/16.5 Safari/605.1.15"
34.23.128.254 - - [26/Jul/2026:21:35:52 +0200] "HEAD /wp/ HTTP/1.1" 404 297 "-" "Mozilla/5.0 (Linux; Android 12; Redmi Note 11) AppleWebKit/537.36 (KHTML, like Gecko) Chrome/123.0.6312.112 Mobile Safari/537.36"
34.23.128.254 - - [26/Jul/2026:21:35:52 +0200] "HEAD / HTTP/1.1" 301 187 "-" "Mozilla/5.0 (Windows NT 11.0; Win64; x64) AppleWebKit/537.36 (KHTML, like Gecko) Chrome/128.0.6540.18 Safari/537.36"
34.23.128.254 - - [26/Jul/2026:21:35:53 +0200] "HEAD / HTTP/1.1" 200 4149 "http://ifrsology.com/" "Mozilla/5.0 (Windows NT 11.0; Win64; x64) AppleWebKit/537.36 (KHTML, like Gecko) Chrome/128.0.6540.18 Safari/537.36"
34.23.128.254 - - [26/Jul/2026:21:35:53 +0200] "HEAD /new/ HTTP/1.1" 404 297 "-" "Mozilla/5.0 (Windows NT 10.0; Win64; x64) AppleWebKit/537.36 (KHTML, like Gecko) Chrome/126.0.6478.70 Safari/537.36 Vivaldi/6.7.3200.25"
34.23.128.254 - - [26/Jul/2026:21:35:54 +0200] "HEAD /old/ HTTP/1.1" 404 297 "-" "Mozilla/5.0 (X11; Linux x86_64; rv:127.0) Gecko/20100101 Firefox/127.0"
34.23.128.254 - - [26/Jul/2026:21:35:54 +0200] "HEAD /wordpress/ HTTP/1.1" 404 297 "-" "Mozilla/5.0 (Windows NT 10.0; Win64; x64; rv:127.0) Gecko/20100101 Firefox/127.0"
57.141.0.51 - - [26/Jul/2026:21:50:06 +0200] "GET /our-services/taxation-and-tax-planning/ HTTP/1.1" 200 70809 "-" "Mozilla/5.0 (Macintosh; Intel Mac OS X 10_15_7) AppleWebKit/537.36 (KHTML, like Gecko) Chrome/145.0.0.0 Safari/537.36 (compatible; meta-externalagent/1.1 (+https://developers.facebook.com/docs/sharing/webmasters/crawler))"
158.220.100.248 - - [26/Jul/2026:22:10:28 +0200] "POST /wp-cron.php?doing_wp_cron=1785096628.6784799098968505859375 HTTP/1.1" 200 269 "-" "WordPress/7.0.2; https://ifrsology.com"
66.249.79.161 - - [26/Jul/2026:22:10:27 +0200] "GET /ads.txt HTTP/1.1" 404 59227 "-" "Mozilla/5.0 (compatible; Googlebot/2.1; +http://www.google.com/bot.html)"
100.50.227.41 - - [26/Jul/2026:22:12:14 +0200] "GET /robots.txt HTTP/1.1" 200 4234 "-" "Mozilla/5.0 (Macintosh; Intel Mac OS X 10_10_1) AppleWebKit/600.2.5 (KHTML, like Gecko) Version/8.0.2 Safari/600.2.5 (Gort)"
57.141.0.58 - - [26/Jul/2026:22:15:49 +0200] "GET /uae-vat/ HTTP/1.1" 200 71844 "-" "Mozilla/5.0 (Windows NT 10.0; Win64; x64) AppleWebKit/537.36 (KHTML, like Gecko) Chrome/145.0.0.0 Safari/537.36 (compatible; meta-externalagent/1.1 (+https://developers.facebook.com/docs/sharing/webmasters/crawler))"
158.220.100.248 - - [26/Jul/2026:22:23:27 +0200] "POST /wp-cron.php?doing_wp_cron=1785097407.6964299678802490234375 HTTP/1.1" 200 4057 "-" "WordPress/7.0.2; https://ifrsology.com"
198.244.168.42 - - [26/Jul/2026:22:23:26 +0200] "GET /wp-sitemap.xml HTTP/1.1" 200 4231 "-" "Mozilla/5.0 (compatible; AhrefsBot/7.0; +http://ahrefs.com/robot/)"
198.244.168.126 - - [26/Jul/2026:22:23:28 +0200] "GET /wp-sitemap-posts-post-1.xml HTTP/1.1" 200 4275 "-" "Mozilla/5.0 (compatible; AhrefsBot/7.0; +http://ahrefs.com/robot/)"
198.244.226.63 - - [26/Jul/2026:22:23:30 +0200] "GET /wp-sitemap-posts-page-1.xml HTTP/1.1" 200 5695 "-" "Mozilla/5.0 (compatible; AhrefsBot/7.0; +http://ahrefs.com/robot/)"
198.244.183.95 - - [26/Jul/2026:22:23:31 +0200] "GET /wp-sitemap-taxonomies-category-1.xml HTTP/1.1" 200 4208 "-" "Mozilla/5.0 (compatible; AhrefsBot/7.0; +http://ahrefs.com/robot/)"
27.124.10.134 - - [26/Jul/2026:22:24:16 +0200] "HEAD /feed/ HTTP/1.1" 301 4060 "-" "Mozilla/5.0 (Macintosh; Intel Mac OS X 10.11; rv:140.0) Gecko/20100101 Firefox/140.0"
27.124.10.134 - - [26/Jul/2026:22:24:16 +0200] "HEAD /wp-login.php HTTP/1.1" 200 3763 "-" "Mozilla/5.0 (X11; Linux i686; rv:1.9.5.20) Gecko/ Firefox/3.8"
27.124.10.134 - - [26/Jul/2026:22:24:17 +0200] "HEAD /wp-json/wp/v2/ HTTP/1.1" 200 4241 "-" "Mozilla/5.0 (Windows NT 10.0; Win64; x64; rv:79.0) Gecko/20100101 Firefox/79.0"
27.124.10.134 - - [26/Jul/2026:22:24:18 +0200] "HEAD /feed/ HTTP/1.1" 200 3622 "https://www.ifrsology.com/feed/" "Mozilla/5.0 (Macintosh; Intel Mac OS X 10.11; rv:140.0) Gecko/20100101 Firefox/140.0"
52.167.144.210 - - [26/Jul/2026:22:31:58 +0200] "GET /wp-sitemap-posts-page-1.xml HTTP/1.1" 200 5786 "-" "Mozilla/5.0 AppleWebKit/537.36 (KHTML, like Gecko; compatible; bingbot/2.0; +http://www.bing.com/bingbot.htm) Chrome/116.0.1938.76 Safari/537.36"
124.222.230.178 - - [26/Jul/2026:22:48:56 +0200] "GET / HTTP/1.1" 301 251 "-" "Mozilla/5.0 (iPhone; CPU iPhone OS 13_2_3 like Mac OS X) AppleWebKit/605.1.15 (KHTML, like Gecko) Version/13.0.3 Mobile/15E148 Safari/604.1"
158.220.100.248 - - [26/Jul/2026:22:59:57 +0200] "POST /wp-cron.php?doing_wp_cron=1785099597.5453639030456542968750 HTTP/1.1" 200 269 "-" "WordPress/7.0.2; https://ifrsology.com"
43.130.16.212 - - [26/Jul/2026:22:59:56 +0200] "GET / HTTP/1.1" 301 251 "-" "Mozilla/5.0 (iPhone; CPU iPhone OS 13_2_3 like Mac OS X) AppleWebKit/605.1.15 (KHTML, like Gecko) Version/13.0.3 Mobile/15E148 Safari/604.1"
43.130.16.212 - - [26/Jul/2026:22:59:58 +0200] "GET / HTTP/1.1" 200 17588 "http://ifrsology.com" "Mozilla/5.0 (iPhone; CPU iPhone OS 13_2_3 like Mac OS X) AppleWebKit/605.1.15 (KHTML, like Gecko) Version/13.0.3 Mobile/15E148 Safari/604.1"
170.106.143.6 - - [26/Jul/2026:23:04:35 +0200] "GET /wp-content/uploads/fonts/92zPtBhPNqw79Ij1E865zBUv7myjJAVDPokMmuHL.woff2 HTTP/1.1" 200 22131 "-" "Mozilla/5.0 (iPhone; CPU iPhone OS 13_2_3 like Mac OS X) AppleWebKit/605.1.15 (KHTML, like Gecko) Version/13.0.3 Mobile/15E148 Safari/604.1"
216.73.216.144 - - [26/Jul/2026:23:06:21 +0200] "GET /robots.txt HTTP/1.1" 200 4183 "-" "Mozilla/5.0 AppleWebKit/537.36 (KHTML, like Gecko; compatible; ClaudeBot/1.0; +claudebot@anthropic.com)"
216.73.216.144 - - [26/Jul/2026:23:06:24 +0200] "GET /wp-sitemap.xml HTTP/1.1" 200 427 "-" "Mozilla/5.0 AppleWebKit/537.36 (KHTML, like Gecko; compatible; ClaudeBot/1.0; +claudebot@anthropic.com)"
160.191.139.115 - - [26/Jul/2026:23:08:05 +0200] "GET /wp-login.php HTTP/1.1" 200 6178 "-" "Mozilla/5.0 (Windows NT 10.0; Win64; x64) AppleWebKit/537.36 (KHTML, like Gecko) Chrome/120.0.0.0 Safari/537.36"
160.191.139.115 - - [26/Jul/2026:23:08:06 +0200] "POST /wp-login.php HTTP/1.1" 503 19605 "https://ifrsology.com/wp-login.php" "Mozilla/5.0 (Windows NT 10.0; Win64; x64) AppleWebKit/537.36 (KHTML, like Gecko) Chrome/120.0.0.0 Safari/537.36"
129.121.121.252 - - [26/Jul/2026:23:08:17 +0200] "POST /index.php?rest_route=/batch/v1 HTTP/1.1" 207 4771 "-" "Python-urllib/3.9"
129.121.121.252 - - [26/Jul/2026:23:08:17 +0200] "POST /index.php?rest_route=/batch/v1 HTTP/1.1" 207 4771 "-" "Python-urllib/3.9"
129.121.121.252 - - [26/Jul/2026:23:08:18 +0200] "POST /index.php?rest_route=/batch/v1 HTTP/1.1" 207 4771 "-" "Python-urllib/3.9"
129.121.121.252 - - [26/Jul/2026:23:08:18 +0200] "POST /index.php?rest_route=/batch/v1 HTTP/1.1" 207 4771 "-" "Python-urllib/3.9"
158.220.100.248 - - [26/Jul/2026:23:13:48 +0200] "POST /wp-cron.php?doing_wp_cron=1785100428.9048058986663818359375 HTTP/1.1" 200 4057 "-" "WordPress/7.0.2; https://ifrsology.com"
43.155.162.41 - - [26/Jul/2026:23:13:47 +0200] "GET /ifrs-news/ HTTP/1.1" 200 15338 "-" "Mozilla/5.0 (iPhone; CPU iPhone OS 13_2_3 like Mac OS X) AppleWebKit/605.1.15 (KHTML, like Gecko) Version/13.0.3 Mobile/15E148 Safari/604.1"
43.134.38.171 - - [26/Jul/2026:23:25:39 +0200] "GET /wp-json/oembed/1.0/embed?url=https%3A%2F%2Fifrsology.com%2F&format=xml HTTP/1.1" 200 5298 "-" "Mozilla/5.0 (iPhone; CPU iPhone OS 13_2_3 like Mac OS X) AppleWebKit/605.1.15 (KHTML, like Gecko) Version/13.0.3 Mobile/15E148 Safari/604.1"
158.220.100.248 - - [26/Jul/2026:23:25:41 +0200] "POST /wp-cron.php?doing_wp_cron=1785101141.1612620353698730468750 HTTP/1.1" 200 4057 "-" "WordPress/7.0.2; https://ifrsology.com"
20.151.221.234 - - [26/Jul/2026:23:28:37 +0200] "GET /wp-content/uploads/min.php HTTP/1.1" 404 63474 "-" "Mozilla/5.0 (Windows NT 10.0; Win64; x64) AppleWebKit/537.36 (KHTML, like Gecko) Chrome/120.0.0.0 Safari/537.36"
20.151.221.234 - - [26/Jul/2026:23:28:38 +0200] "GET /zoom1.php HTTP/1.1" 404 59696 "-" "Mozilla/5.0 (Windows NT 10.0; Win64; x64) AppleWebKit/537.36 (KHTML, like Gecko) Chrome/120.0.0.0 Safari/537.36"
20.151.221.234 - - [26/Jul/2026:23:28:38 +0200] "GET /lock360.php HTTP/1.1" 404 59696 "-" "Mozilla/5.0 (Windows NT 10.0; Win64; x64) AppleWebKit/537.36 (KHTML, like Gecko) Chrome/120.0.0.0 Safari/537.36"
20.151.221.234 - - [26/Jul/2026:23:28:39 +0200] "GET /r.php HTTP/1.1" 404 59696 "-" "Mozilla/5.0 (Windows NT 10.0; Win64; x64) AppleWebKit/537.36 (KHTML, like Gecko) Chrome/120.0.0.0 Safari/537.36"
20.151.221.234 - - [26/Jul/2026:23:28:39 +0200] "GET /t.php HTTP/1.1" 404 59696 "-" "Mozilla/5.0 (Windows NT 10.0; Win64; x64) AppleWebKit/537.36 (KHTML, like Gecko) Chrome/120.0.0.0 Safari/537.36"
20.151.221.234 - - [26/Jul/2026:23:28:39 +0200] "GET /7.php HTTP/1.1" 404 59696 "-" "Mozilla/5.0 (Windows NT 10.0; Win64; x64) AppleWebKit/537.36 (KHTML, like Gecko) Chrome/120.0.0.0 Safari/537.36"
20.151.221.234 - - [26/Jul/2026:23:28:40 +0200] "GET /b.php HTTP/1.1" 404 59696 "-" "Mozilla/5.0 (Windows NT 10.0; Win64; x64) AppleWebKit/537.36 (KHTML, like Gecko) Chrome/120.0.0.0 Safari/537.36"
20.151.221.234 - - [26/Jul/2026:23:28:40 +0200] "GET /buy.php HTTP/1.1" 404 59696 "-" "Mozilla/5.0 (Windows NT 10.0; Win64; x64) AppleWebKit/537.36 (KHTML, like Gecko) Chrome/120.0.0.0 Safari/537.36"
20.151.221.234 - - [26/Jul/2026:23:28:40 +0200] "GET /config.php HTTP/1.1" 404 59696 "-" "Mozilla/5.0 (Windows NT 10.0; Win64; x64) AppleWebKit/537.36 (KHTML, like Gecko) Chrome/120.0.0.0 Safari/537.36"
20.151.221.234 - - [26/Jul/2026:23:28:40 +0200] "GET /areak1.php HTTP/1.1" 404 59696 "-" "Mozilla/5.0 (Windows NT 10.0; Win64; x64) AppleWebKit/537.36 (KHTML, like Gecko) Chrome/120.0.0.0 Safari/537.36"
20.151.221.234 - - [26/Jul/2026:23:28:41 +0200] "GET /vc.php HTTP/1.1" 404 59696 "-" "Mozilla/5.0 (Windows NT 10.0; Win64; x64) AppleWebKit/537.36 (KHTML, like Gecko) Chrome/120.0.0.0 Safari/537.36"
20.151.221.234 - - [26/Jul/2026:23:28:41 +0200] "GET /core.php HTTP/1.1" 404 59696 "-" "Mozilla/5.0 (Windows NT 10.0; Win64; x64) AppleWebKit/537.36 (KHTML, like Gecko) Chrome/120.0.0.0 Safari/537.36"
20.151.221.234 - - [26/Jul/2026:23:28:41 +0200] "GET /wp-admin/css/ HTTP/1.1" 403 421 "-" "Mozilla/5.0 (Windows NT 10.0; Win64; x64) AppleWebKit/537.36 (KHTML, like Gecko) Chrome/120.0.0.0 Safari/537.36"
20.151.221.234 - - [26/Jul/2026:23:28:41 +0200] "GET /wp-content/min.php HTTP/1.1" 404 59696 "-" "Mozilla/5.0 (Windows NT 10.0; Win64; x64) AppleWebKit/537.36 (KHTML, like Gecko) Chrome/120.0.0.0 Safari/537.36"
20.151.221.234 - - [26/Jul/2026:23:28:42 +0200] "GET /wp-content/plugins/beteng88/ws83.php HTTP/1.1" 404 59696 "-" "Mozilla/5.0 (Windows NT 10.0; Win64; x64) AppleWebKit/537.36 (KHTML, like Gecko) Chrome/120.0.0.0 Safari/537.36"
20.151.221.234 - - [26/Jul/2026:23:28:42 +0200] "GET /ws37.php HTTP/1.1" 404 59696 "-" "Mozilla/5.0 (Windows NT 10.0; Win64; x64) AppleWebKit/537.36 (KHTML, like Gecko) Chrome/120.0.0.0 Safari/537.36"
20.151.221.234 - - [26/Jul/2026:23:28:42 +0200] "GET /assets/ HTTP/1.1" 404 59696 "-" "Mozilla/5.0 (Windows NT 10.0; Win64; x64) AppleWebKit/537.36 (KHTML, like Gecko) Chrome/120.0.0.0 Safari/537.36"
20.151.221.234 - - [26/Jul/2026:23:28:42 +0200] "GET /new.php HTTP/1.1" 404 59696 "-" "Mozilla/5.0 (Windows NT 10.0; Win64; x64) AppleWebKit/537.36 (KHTML, like Gecko) Chrome/120.0.0.0 Safari/537.36"
20.151.221.234 - - [26/Jul/2026:23:28:43 +0200] "GET /il.php HTTP/1.1" 404 59696 "-" "Mozilla/5.0 (Windows NT 10.0; Win64; x64) AppleWebKit/537.36 (KHTML, like Gecko) Chrome/120.0.0.0 Safari/537.36"
20.151.221.234 - - [26/Jul/2026:23:28:43 +0200] "GET /lite.php HTTP/1.1" 404 59696 "-" "Mozilla/5.0 (Windows NT 10.0; Win64; x64) AppleWebKit/537.36 (KHTML, like Gecko) Chrome/120.0.0.0 Safari/537.36"
20.151.221.234 - - [26/Jul/2026:23:28:43 +0200] "GET /load.php HTTP/1.1" 404 59696 "-" "Mozilla/5.0 (Windows NT 10.0; Win64; x64) AppleWebKit/537.36 (KHTML, like Gecko) Chrome/120.0.0.0 Safari/537.36"
20.151.221.234 - - [26/Jul/2026:23:28:43 +0200] "GET /wp-content/themes/ HTTP/1.1" 200 208 "-" "Mozilla/5.0 (Windows NT 10.0; Win64; x64) AppleWebKit/537.36 (KHTML, like Gecko) Chrome/120.0.0.0 Safari/537.36"
20.151.221.234 - - [26/Jul/2026:23:28:44 +0200] "GET /wp-themes.php HTTP/1.1" 404 59696 "-" "Mozilla/5.0 (Windows NT 10.0; Win64; x64) AppleWebKit/537.36 (KHTML, like Gecko) Chrome/120.0.0.0 Safari/537.36"
20.151.221.234 - - [26/Jul/2026:23:28:44 +0200] "GET /xda.php HTTP/1.1" 404 59696 "-" "Mozilla/5.0 (Windows NT 10.0; Win64; x64) AppleWebKit/537.36 (KHTML, like Gecko) Chrome/120.0.0.0 Safari/537.36"
20.151.221.234 - - [26/Jul/2026:23:28:44 +0200] "GET /.trash7206/index.php HTTP/1.1" 301 406 "-" "Mozilla/5.0 (Windows NT 10.0; Win64; x64) AppleWebKit/537.36 (KHTML, like Gecko) Chrome/120.0.0.0 Safari/537.36"
20.151.221.234 - - [26/Jul/2026:23:28:44 +0200] "GET /doc.php HTTP/1.1" 404 59696 "-" "Mozilla/5.0 (Windows NT 10.0; Win64; x64) AppleWebKit/537.36 (KHTML, like Gecko) Chrome/120.0.0.0 Safari/537.36"
20.151.221.234 - - [26/Jul/2026:23:28:45 +0200] "GET /storage/index.php HTTP/1.1" 301 403 "-" "Mozilla/5.0 (Windows NT 10.0; Win64; x64) AppleWebKit/537.36 (KHTML, like Gecko) Chrome/120.0.0.0 Safari/537.36"
20.151.221.234 - - [26/Jul/2026:23:28:45 +0200] "GET /wp-content.php HTTP/1.1" 404 59696 "-" "Mozilla/5.0 (Windows NT 10.0; Win64; x64) AppleWebKit/537.36 (KHTML, like Gecko) Chrome/120.0.0.0 Safari/537.36"
20.151.221.234 - - [26/Jul/2026:23:28:45 +0200] "GET /wp-includes/ID3/index.php HTTP/1.1" 301 411 "-" "Mozilla/5.0 (Windows NT 10.0; Win64; x64) AppleWebKit/537.36 (KHTML, like Gecko) Chrome/120.0.0.0 Safari/537.36"
20.151.221.234 - - [26/Jul/2026:23:28:45 +0200] "GET /wp-includes/images/ HTTP/1.1" 403 421 "-" "Mozilla/5.0 (Windows NT 10.0; Win64; x64) AppleWebKit/537.36 (KHTML, like Gecko) Chrome/120.0.0.0 Safari/537.36"
20.151.221.234 - - [26/Jul/2026:23:28:45 +0200] "GET /wp-includes/min.php HTTP/1.1" 404 59696 "-" "Mozilla/5.0 (Windows NT 10.0; Win64; x64) AppleWebKit/537.36 (KHTML, like Gecko) Chrome/120.0.0.0 Safari/537.36"
20.151.221.234 - - [26/Jul/2026:23:28:46 +0200] "GET /cache.php HTTP/1.1" 404 59696 "-" "Mozilla/5.0 (Windows NT 10.0; Win64; x64) AppleWebKit/537.36 (KHTML, like Gecko) Chrome/120.0.0.0 Safari/537.36"
20.151.221.234 - - [26/Jul/2026:23:28:46 +0200] "GET /filemanager.php HTTP/1.1" 404 59696 "-" "Mozilla/5.0 (Windows NT 10.0; Win64; x64) AppleWebKit/537.36 (KHTML, like Gecko) Chrome/120.0.0.0 Safari/537.36"
20.151.221.234 - - [26/Jul/2026:23:28:46 +0200] "GET /wp-blog.php HTTP/1.1" 404 59696 "-" "Mozilla/5.0 (Windows NT 10.0; Win64; x64) AppleWebKit/537.36 (KHTML, like Gecko) Chrome/120.0.0.0 Safari/537.36"
20.151.221.234 - - [26/Jul/2026:23:28:47 +0200] "GET /wp-includes/ID3/ HTTP/1.1" 403 421 "-" "Mozilla/5.0 (Windows NT 10.0; Win64; x64) AppleWebKit/537.36 (KHTML, like Gecko) Chrome/120.0.0.0 Safari/537.36"
20.151.221.234 - - [26/Jul/2026:23:28:47 +0200] "GET /xmlrpc.php HTTP/1.1" 405 299 "-" "Mozilla/5.0 (Windows NT 10.0; Win64; x64) AppleWebKit/537.36 (KHTML, like Gecko) Chrome/120.0.0.0 Safari/537.36"
20.151.221.234 - - [26/Jul/2026:23:28:47 +0200] "GET /cd.php HTTP/1.1" 404 59696 "-" "Mozilla/5.0 (Windows NT 10.0; Win64; x64) AppleWebKit/537.36 (KHTML, like Gecko) Chrome/120.0.0.0 Safari/537.36"
20.151.221.234 - - [26/Jul/2026:23:28:47 +0200] "GET /css.php HTTP/1.1" 404 59696 "-" "Mozilla/5.0 (Windows NT 10.0; Win64; x64) AppleWebKit/537.36 (KHTML, like Gecko) Chrome/120.0.0.0 Safari/537.36"
20.151.221.234 - - [26/Jul/2026:23:28:47 +0200] "GET /lu4.php HTTP/1.1" 404 59696 "-" "Mozilla/5.0 (Windows NT 10.0; Win64; x64) AppleWebKit/537.36 (KHTML, like Gecko) Chrome/120.0.0.0 Safari/537.36"
20.151.221.234 - - [26/Jul/2026:23:28:48 +0200] "GET /wp-admin/css/colors/blue/index.php HTTP/1.1" 301 420 "-" "Mozilla/5.0 (Windows NT 10.0; Win64; x64) AppleWebKit/537.36 (KHTML, like Gecko) Chrome/120.0.0.0 Safari/537.36"
20.151.221.234 - - [26/Jul/2026:23:28:48 +0200] "GET /.well-known/gecko-litespeed.php HTTP/1.1" 404 59696 "-" "Mozilla/5.0 (Windows NT 10.0; Win64; x64) AppleWebKit/537.36 (KHTML, like Gecko) Chrome/120.0.0.0 Safari/537.36"
20.151.221.234 - - [26/Jul/2026:23:28:48 +0200] "GET /ant.php HTTP/1.1" 404 59696 "-" "Mozilla/5.0 (Windows NT 10.0; Win64; x64) AppleWebKit/537.36 (KHTML, like Gecko) Chrome/120.0.0.0 Safari/537.36"
20.151.221.234 - - [26/Jul/2026:23:28:48 +0200] "GET /autoload_classmap.php HTTP/1.1" 404 59696 "-" "Mozilla/5.0 (Windows NT 10.0; Win64; x64) AppleWebKit/537.36 (KHTML, like Gecko) Chrome/120.0.0.0 Safari/537.36"
20.151.221.234 - - [26/Jul/2026:23:28:49 +0200] "GET /storage/rip.php HTTP/1.1" 404 59696 "-" "Mozilla/5.0 (Windows NT 10.0; Win64; x64) AppleWebKit/537.36 (KHTML, like Gecko) Chrome/120.0.0.0 Safari/537.36"
20.151.221.234 - - [26/Jul/2026:23:28:49 +0200] "GET /tinyfilemanager.php HTTP/1.1" 404 59696 "-" "Mozilla/5.0 (Windows NT 10.0; Win64; x64) AppleWebKit/537.36 (KHTML, like Gecko) Chrome/120.0.0.0 Safari/537.36"
20.151.221.234 - - [26/Jul/2026:23:28:49 +0200] "GET /wp-includes/bk/ HTTP/1.1" 404 59696 "-" "Mozilla/5.0 (Windows NT 10.0; Win64; x64) AppleWebKit/537.36 (KHTML, like Gecko) Chrome/120.0.0.0 Safari/537.36"
20.151.221.234 - - [26/Jul/2026:23:28:50 +0200] "GET /av.php HTTP/1.1" 404 59696 "-" "Mozilla/5.0 (Windows NT 10.0; Win64; x64) AppleWebKit/537.36 (KHTML, like Gecko) Chrome/120.0.0.0 Safari/537.36"
20.151.221.234 - - [26/Jul/2026:23:28:50 +0200] "GET /tool.php HTTP/1.1" 404 59696 "-" "Mozilla/5.0 (Windows NT 10.0; Win64; x64) AppleWebKit/537.36 (KHTML, like Gecko) Chrome/120.0.0.0 Safari/537.36"
20.151.221.234 - - [26/Jul/2026:23:28:50 +0200] "GET /wp-admin/includes/ HTTP/1.1" 403 421 "-" "Mozilla/5.0 (Windows NT 10.0; Win64; x64) AppleWebKit/537.36 (KHTML, like Gecko) Chrome/120.0.0.0 Safari/537.36"
20.151.221.234 - - [26/Jul/2026:23:28:50 +0200] "GET /wp-admin/index.php HTTP/1.1" 302 467 "-" "Mozilla/5.0 (Windows NT 10.0; Win64; x64) AppleWebKit/537.36 (KHTML, like Gecko) Chrome/120.0.0.0 Safari/537.36"
20.151.221.234 - - [26/Jul/2026:23:28:51 +0200] "GET /wp-content/themes/pridmag/b.php HTTP/1.1" 404 59696 "-" "Mozilla/5.0 (Windows NT 10.0; Win64; x64) AppleWebKit/537.36 (KHTML, like Gecko) Chrome/120.0.0.0 Safari/537.36"
20.151.221.234 - - [26/Jul/2026:23:28:51 +0200] "GET /wp-includes/ HTTP/1.1" 403 421 "-" "Mozilla/5.0 (Windows NT 10.0; Win64; x64) AppleWebKit/537.36 (KHTML, like Gecko) Chrome/120.0.0.0 Safari/537.36"
20.151.221.234 - - [26/Jul/2026:23:28:51 +0200] "GET /wp-trackback.php HTTP/1.1" 404 481 "-" "Mozilla/5.0 (Windows NT 10.0; Win64; x64) AppleWebKit/537.36 (KHTML, like Gecko) Chrome/120.0.0.0 Safari/537.36"
20.151.221.234 - - [26/Jul/2026:23:28:51 +0200] "GET /ws.php HTTP/1.1" 404 59696 "-" "Mozilla/5.0 (Windows NT 10.0; Win64; x64) AppleWebKit/537.36 (KHTML, like Gecko) Chrome/120.0.0.0 Safari/537.36"
20.151.221.234 - - [26/Jul/2026:23:28:51 +0200] "GET /.bod/.ll/ HTTP/1.1" 404 59696 "-" "Mozilla/5.0 (Windows NT 10.0; Win64; x64) AppleWebKit/537.36 (KHTML, like Gecko) Chrome/120.0.0.0 Safari/537.36"
20.151.221.234 - - [26/Jul/2026:23:28:52 +0200] "GET /0.php HTTP/1.1" 404 59696 "-" "Mozilla/5.0 (Windows NT 10.0; Win64; x64) AppleWebKit/537.36 (KHTML, like Gecko) Chrome/120.0.0.0 Safari/537.36"
20.151.221.234 - - [26/Jul/2026:23:28:52 +0200] "GET /1index.php HTTP/1.1" 404 59696 "-" "Mozilla/5.0 (Windows NT 10.0; Win64; x64) AppleWebKit/537.36 (KHTML, like Gecko) Chrome/120.0.0.0 Safari/537.36"
20.151.221.234 - - [26/Jul/2026:23:28:52 +0200] "GET /autoload_classmap/function.php HTTP/1.1" 404 59696 "-" "Mozilla/5.0 (Windows NT 10.0; Win64; x64) AppleWebKit/537.36 (KHTML, like Gecko) Chrome/120.0.0.0 Safari/537.36"
20.151.221.234 - - [26/Jul/2026:23:28:53 +0200] "GET /dvve.php HTTP/1.1" 404 59696 "-" "Mozilla/5.0 (Windows NT 10.0; Win64; x64) AppleWebKit/537.36 (KHTML, like Gecko) Chrome/120.0.0.0 Safari/537.36"
20.151.221.234 - - [26/Jul/2026:23:28:53 +0200] "GET /ws77.php HTTP/1.1" 404 59696 "-" "Mozilla/5.0 (Windows NT 10.0; Win64; x64) AppleWebKit/537.36 (KHTML, like Gecko) Chrome/120.0.0.0 Safari/537.36"
20.151.221.234 - - [26/Jul/2026:23:28:53 +0200] "GET /.well-known/acme-challenge/index.php HTTP/1.1" 301 422 "-" "Mozilla/5.0 (Windows NT 10.0; Win64; x64) AppleWebKit/537.36 (KHTML, like Gecko) Chrome/120.0.0.0 Safari/537.36"
20.151.221.234 - - [26/Jul/2026:23:28:53 +0200] "GET /admin/function.php HTTP/1.1" 404 59696 "-" "Mozilla/5.0 (Windows NT 10.0; Win64; x64) AppleWebKit/537.36 (KHTML, like Gecko) Chrome/120.0.0.0 Safari/537.36"
20.151.221.234 - - [26/Jul/2026:23:28:54 +0200] "GET /xx.php HTTP/1.1" 404 59696 "-" "Mozilla/5.0 (Windows NT 10.0; Win64; x64) AppleWebKit/537.36 (KHTML, like Gecko) Chrome/120.0.0.0 Safari/537.36"
20.151.221.234 - - [26/Jul/2026:23:28:54 +0200] "GET /wp-content/about.php HTTP/1.1" 404 59696 "-" "Mozilla/5.0 (Windows NT 10.0; Win64; x64) AppleWebKit/537.36 (KHTML, like Gecko) Chrome/120.0.0.0 Safari/537.36"
20.151.221.234 - - [26/Jul/2026:23:28:54 +0200] "GET /wp-includes/assets/index.php HTTP/1.1" 301 414 "-" "Mozilla/5.0 (Windows NT 10.0; Win64; x64) AppleWebKit/537.36 (KHTML, like Gecko) Chrome/120.0.0.0 Safari/537.36"
20.151.221.234 - - [26/Jul/2026:23:28:55 +0200] "GET /wp-the.php HTTP/1.1" 404 59696 "-" "Mozilla/5.0 (Windows NT 10.0; Win64; x64) AppleWebKit/537.36 (KHTML, like Gecko) Chrome/120.0.0.0 Safari/537.36"
20.151.221.234 - - [26/Jul/2026:23:28:55 +0200] "GET /ws81.php HTTP/1.1" 404 59696 "-" "Mozilla/5.0 (Windows NT 10.0; Win64; x64) AppleWebKit/537.36 (KHTML, like Gecko) Chrome/120.0.0.0 Safari/537.36"
20.151.221.234 - - [26/Jul/2026:23:28:55 +0200] "GET /3.php HTTP/1.1" 404 59696 "-" "Mozilla/5.0 (Windows NT 10.0; Win64; x64) AppleWebKit/537.36 (KHTML, like Gecko) Chrome/120.0.0.0 Safari/537.36"
20.151.221.234 - - [26/Jul/2026:23:28:55 +0200] "GET /a1.php HTTP/1.1" 404 59696 "-" "Mozilla/5.0 (Windows NT 10.0; Win64; x64) AppleWebKit/537.36 (KHTML, like Gecko) Chrome/120.0.0.0 Safari/537.36"
20.151.221.234 - - [26/Jul/2026:23:28:56 +0200] "GET /ca5.php HTTP/1.1" 404 59696 "-" "Mozilla/5.0 (Windows NT 10.0; Win64; x64) AppleWebKit/537.36 (KHTML, like Gecko) Chrome/120.0.0.0 Safari/537.36"
20.151.221.234 - - [26/Jul/2026:23:28:56 +0200] "GET /install.php HTTP/1.1" 404 59696 "-" "Mozilla/5.0 (Windows NT 10.0; Win64; x64) AppleWebKit/537.36 (KHTML, like Gecko) Chrome/120.0.0.0 Safari/537.36"
20.151.221.234 - - [26/Jul/2026:23:28:56 +0200] "GET /radio.php HTTP/1.1" 404 59696 "-" "Mozilla/5.0 (Windows NT 10.0; Win64; x64) AppleWebKit/537.36 (KHTML, like Gecko) Chrome/120.0.0.0 Safari/537.36"
20.151.221.234 - - [26/Jul/2026:23:28:57 +0200] "GET /wp-signin.php HTTP/1.1" 404 59696 "-" "Mozilla/5.0 (Windows NT 10.0; Win64; x64) AppleWebKit/537.36 (KHTML, like Gecko) Chrome/120.0.0.0 Safari/537.36"
20.151.221.234 - - [26/Jul/2026:23:28:57 +0200] "GET /Ov-Simple1.php HTTP/1.1" 404 59696 "-" "Mozilla/5.0 (Windows NT 10.0; Win64; x64) AppleWebKit/537.36 (KHTML, like Gecko) Chrome/120.0.0.0 Safari/537.36"
20.151.221.234 - - [26/Jul/2026:23:28:57 +0200] "GET /fm.php HTTP/1.1" 404 59696 "-" "Mozilla/5.0 (Windows NT 10.0; Win64; x64) AppleWebKit/537.36 (KHTML, like Gecko) Chrome/120.0.0.0 Safari/537.36"
20.151.221.234 - - [26/Jul/2026:23:28:57 +0200] "GET /ftde.php HTTP/1.1" 404 59696 "-" "Mozilla/5.0 (Windows NT 10.0; Win64; x64) AppleWebKit/537.36 (KHTML, like Gecko) Chrome/120.0.0.0 Safari/537.36"
20.151.221.234 - - [26/Jul/2026:23:28:58 +0200] "GET /hplfuns.php HTTP/1.1" 404 59696 "-" "Mozilla/5.0 (Windows NT 10.0; Win64; x64) AppleWebKit/537.36 (KHTML, like Gecko) Chrome/120.0.0.0 Safari/537.36"
20.151.221.234 - - [26/Jul/2026:23:28:58 +0200] "GET /log.php HTTP/1.1" 404 59696 "-" "Mozilla/5.0 (Windows NT 10.0; Win64; x64) AppleWebKit/537.36 (KHTML, like Gecko) Chrome/120.0.0.0 Safari/537.36"
20.151.221.234 - - [26/Jul/2026:23:28:59 +0200] "GET /test.php HTTP/1.1" 404 59696 "-" "Mozilla/5.0 (Windows NT 10.0; Win64; x64) AppleWebKit/537.36 (KHTML, like Gecko) Chrome/120.0.0.0 Safari/537.36"
20.151.221.234 - - [26/Jul/2026:23:28:59 +0200] "GET /txets.php HTTP/1.1" 404 59696 "-" "Mozilla/5.0 (Windows NT 10.0; Win64; x64) AppleWebKit/537.36 (KHTML, like Gecko) Chrome/120.0.0.0 Safari/537.36"
20.151.221.234 - - [26/Jul/2026:23:28:59 +0200] "GET /wp-admin/network/ HTTP/1.1" 302 468 "-" "Mozilla/5.0 (Windows NT 10.0; Win64; x64) AppleWebKit/537.36 (KHTML, like Gecko) Chrome/120.0.0.0 Safari/537.36"
20.151.221.234 - - [26/Jul/2026:23:28:59 +0200] "GET /wp-config-sample.php HTTP/1.1" 500 2806 "-" "Mozilla/5.0 (Windows NT 10.0; Win64; x64) AppleWebKit/537.36 (KHTML, like Gecko) Chrome/120.0.0.0 Safari/537.36"
20.151.221.234 - - [26/Jul/2026:23:29:00 +0200] "GET /wp-content/packed.php HTTP/1.1" 404 60271 "-" "Mozilla/5.0 (Windows NT 10.0; Win64; x64) AppleWebKit/537.36 (KHTML, like Gecko) Chrome/120.0.0.0 Safari/537.36"
20.151.221.234 - - [26/Jul/2026:23:29:00 +0200] "GET /wp-includes/IXR/ HTTP/1.1" 403 421 "-" "Mozilla/5.0 (Windows NT 10.0; Win64; x64) AppleWebKit/537.36 (KHTML, like Gecko) Chrome/120.0.0.0 Safari/537.36"
43.166.255.102 - - [26/Jul/2026:23:34:43 +0200] "GET /fintyque-2/ HTTP/1.1" 200 16522 "-" "Mozilla/5.0 (iPhone; CPU iPhone OS 13_2_3 like Mac OS X) AppleWebKit/605.1.15 (KHTML, like Gecko) Version/13.0.3 Mobile/15E148 Safari/604.1"
43.165.167.72 - - [26/Jul/2026:23:42:36 +0200] "GET /wp-content/uploads/fonts/92zPtBhPNqw79Ij1E865zBUv7mwjJQVDPokMmuHL.woff2 HTTP/1.1" 200 23219 "-" "Mozilla/5.0 (iPhone; CPU iPhone OS 13_2_3 like Mac OS X) AppleWebKit/605.1.15 (KHTML, like Gecko) Version/13.0.3 Mobile/15E148 Safari/604.1"
51.89.129.149 - - [26/Jul/2026:23:47:32 +0200] "GET /wp-sitemap.xml HTTP/1.1" 200 4231 "-" "Mozilla/5.0 (compatible; AhrefsBot/7.0; +http://ahrefs.com/robot/)"
198.244.183.161 - - [26/Jul/2026:23:47:35 +0200] "GET /wp-sitemap-posts-post-1.xml HTTP/1.1" 200 4275 "-" "Mozilla/5.0 (compatible; AhrefsBot/7.0; +http://ahrefs.com/robot/)"
51.89.129.118 - - [26/Jul/2026:23:47:36 +0200] "GET /wp-sitemap-posts-page-1.xml HTTP/1.1" 200 5695 "-" "Mozilla/5.0 (compatible; AhrefsBot/7.0; +http://ahrefs.com/robot/)"
198.244.168.69 - - [26/Jul/2026:23:47:37 +0200] "GET /wp-sitemap-taxonomies-category-1.xml HTTP/1.1" 200 4208 "-" "Mozilla/5.0 (compatible; AhrefsBot/7.0; +http://ahrefs.com/robot/)"
43.164.129.191 - - [26/Jul/2026:23:53:07 +0200] "GET /wp-content/uploads/fonts/92zPtBhPNqw79Ij1E865zBUv7myjJQVDPokMmuHL.woff2 HTTP/1.1" 200 21843 "-" "Mozilla/5.0 (iPhone; CPU iPhone OS 13_2_3 like Mac OS X) AppleWebKit/605.1.15 (KHTML, like Gecko) Version/13.0.3 Mobile/15E148 Safari/604.1"
158.220.100.248 - - [26/Jul/2026:23:55:31 +0200] "POST /wp-cron.php?doing_wp_cron=1785102931.7279810905456542968750 HTTP/1.1" 200 4057 "-" "WordPress/7.0.2; https://ifrsology.com"
46.149.75.151 - - [26/Jul/2026:23:55:30 +0200] "GET /contact/ HTTP/1.0" 200 97943 "https://ifrsology.com/contact/" "Mozilla/5.0 (Windows NT 6.2; Win64; x64) AppleWebKit/537.36 (KHTML, like Gecko) Chrome/103.0.0.0 Safari/537.36"
46.149.75.151 - - [26/Jul/2026:23:55:32 +0200] "POST /contact/ HTTP/1.0" 200 97943 "https://ifrsology.com/contact/" "Mozilla/5.0 (Windows NT 6.2; Win64; x64) AppleWebKit/537.36 (KHTML, like Gecko) Chrome/103.0.0.0 Safari/537.36"
57.141.0.8 - - [26/Jul/2026:23:56:45 +0200] "GET /category/uae-vat/ HTTP/1.1" 200 67425 "-" "Mozilla/5.0 (Windows NT 10.0; Win64; x64) AppleWebKit/537.36 (KHTML, like Gecko) Chrome/145.0.0.0 Safari/537.36 (compatible; meta-externalagent/1.1 (+https://developers.facebook.com/docs/sharing/webmasters/crawler))"
170.106.147.63 - - [27/Jul/2026:00:03:53 +0200] "GET /wp-content/uploads/fonts/92zJtBhPNqw73oHH7BbQp4-B6XlrZt8FNIgun_HLMEo.woff2 HTTP/1.1" 200 28293 "-" "Mozilla/5.0 (iPhone; CPU iPhone OS 13_2_3 like Mac OS X) AppleWebKit/605.1.15 (KHTML, like Gecko) Version/13.0.3 Mobile/15E148 Safari/604.1"
124.156.157.91 - - [27/Jul/2026:00:13:23 +0200] "GET /wp-content/uploads/fonts/92zJtBhPNqw73oHH7BbQp4-B6XlrZgoCNIgun_HLMEo.woff2 HTTP/1.1" 200 28277 "-" "Mozilla/5.0 (iPhone; CPU iPhone OS 13_2_3 like Mac OS X) AppleWebKit/605.1.15 (KHTML, like Gecko) Version/13.0.3 Mobile/15E148 Safari/604.1"
158.220.100.248 - - [27/Jul/2026:00:17:30 +0200] "POST /wp-cron.php?doing_wp_cron=1785104250.1823980808258056640625 HTTP/1.1" 200 4057 "-" "WordPress/7.0.2; https://ifrsology.com"
177.10.161.194 - - [27/Jul/2026:00:17:26 +0200] "GET /robots.txt HTTP/1.1" 200 4212 "-" "Mozilla/5.0 (Macintosh; Intel Mac OS X 10_15_7) AppleWebKit/537.36 (KHTML, like Gecko) Chrome/127.0.6533.72 Safari/537.36"
57.141.0.42 - - [27/Jul/2026:00:17:27 +0200] "GET /ias-27-separate-financial-statements/ HTTP/1.1" 200 67413 "-" "Mozilla/5.0 (Windows NT 10.0; Win64; x64) AppleWebKit/537.36 (KHTML, like Gecko) Chrome/145.0.0.0 Safari/537.36 (compatible; meta-externalagent/1.1 (+https://developers.facebook.com/docs/sharing/webmasters/crawler))"
43.133.220.37 - - [27/Jul/2026:00:23:02 +0200] "GET /embed/ HTTP/1.1" 301 3976 "-" "Mozilla/5.0 (iPhone; CPU iPhone OS 13_2_3 like Mac OS X) AppleWebKit/605.1.15 (KHTML, like Gecko) Version/13.0.3 Mobile/15E148 Safari/604.1"
92.119.36.75 - - [27/Jul/2026:00:23:03 +0200] "GET /contact/ HTTP/1.1" 200 21761 "-" "Mozilla/5.0 (Macintosh; Intel Mac OS X 10_15_7) AppleWebKit/605.1.15 (KHTML, like Gecko)"
43.133.220.37 - - [27/Jul/2026:00:23:06 +0200] "GET / HTTP/1.1" 200 17588 "https://ifrsology.com/embed/" "Mozilla/5.0 (iPhone; CPU iPhone OS 13_2_3 like Mac OS X) AppleWebKit/605.1.15 (KHTML, like Gecko) Version/13.0.3 Mobile/15E148 Safari/604.1"
92.119.36.99 - - [27/Jul/2026:00:23:12 +0200] "POST /contact/ HTTP/1.1" 200 21761 "https://ifrsology.com/contact/" "Mozilla/5.0 (Macintosh; Intel Mac OS X 10_15_7) AppleWebKit/605.1.15 (KHTML, like Gecko)"
158.220.100.248 - - [27/Jul/2026:00:27:35 +0200] "POST /wp-cron.php?doing_wp_cron=1785104855.8005599975585937500000 HTTP/1.1" 200 269 "-" "WordPress/7.0.2; https://ifrsology.com"
43.134.15.174 - - [27/Jul/2026:00:27:35 +0200] "GET / HTTP/1.1" 301 251 "-" "Mozilla/5.0 (iPhone; CPU iPhone OS 13_2_3 like Mac OS X) AppleWebKit/605.1.15 (KHTML, like Gecko) Version/13.0.3 Mobile/15E148 Safari/604.1"
43.134.15.174 - - [27/Jul/2026:00:27:36 +0200] "GET / HTTP/1.1" 200 17588 "http://www.ifrsology.com" "Mozilla/5.0 (iPhone; CPU iPhone OS 13_2_3 like Mac OS X) AppleWebKit/605.1.15 (KHTML, like Gecko) Version/13.0.3 Mobile/15E148 Safari/604.1"
57.141.0.12 - - [27/Jul/2026:00:32:35 +0200] "GET /professional-qualifications/ HTTP/1.1" 200 73347 "-" "Mozilla/5.0 (Windows NT 10.0; Win64; x64) AppleWebKit/537.36 (KHTML, like Gecko) Chrome/142.0.0.0 Safari/537.36 Edg/142.0.0.0 (compatible; meta-externalagent/1.1 (+https://developers.facebook.com/docs/sharing/webmasters/crawler))"
43.157.46.118 - - [27/Jul/2026:00:33:20 +0200] "GET /wp-json/wp/v2/pages/77 HTTP/1.1" 200 11491 "-" "Mozilla/5.0 (iPhone; CPU iPhone OS 13_2_3 like Mac OS X) AppleWebKit/605.1.15 (KHTML, like Gecko) Version/13.0.3 Mobile/15E148 Safari/604.1"
158.220.100.248 - - [27/Jul/2026:00:58:13 +0200] "POST /wp-cron.php?doing_wp_cron=1785106693.1306400299072265625000 HTTP/1.1" 200 269 "-" "WordPress/7.0.2; https://ifrsology.com"
46.151.182.188 - - [27/Jul/2026:00:58:11 +0200] "GET / HTTP/1.1" 301 288 "-" "Mozilla/5.0 (X11; Linux x86_64) AppleWebKit/537.36 (KHTML, like Gecko) Chrome/120.0.0.0 Safari/537.36"
46.151.182.188 - - [27/Jul/2026:00:58:13 +0200] "GET / HTTP/1.1" 200 17688 "-" "Mozilla/5.0 (X11; Linux x86_64) AppleWebKit/537.36 (KHTML, like Gecko) Chrome/120.0.0.0 Safari/537.36"
46.151.182.188 - - [27/Jul/2026:00:58:13 +0200] "POST /wp-json/batch/v1 HTTP/1.1" 207 4323 "-" "wp2shell"
46.151.182.188 - - [27/Jul/2026:00:58:13 +0200] "POST /?rest_route=/batch/v1 HTTP/1.1" 207 4323 "-" "wp2shell"
46.151.182.188 - - [27/Jul/2026:00:58:14 +0200] "POST /?rest_route=/batch/v1 HTTP/1.1" 207 4786 "-" "wp2shell"
158.220.100.248 - - [27/Jul/2026:01:18:24 +0200] "POST /wp-cron.php?doing_wp_cron=1785107904.2644689083099365234375 HTTP/1.1" 200 4057 "-" "WordPress/7.0.2; https://ifrsology.com"
198.244.240.37 - - [27/Jul/2026:01:18:22 +0200] "GET /wp-sitemap.xml HTTP/1.1" 200 4231 "-" "Mozilla/5.0 (compatible; AhrefsBot/7.0; +http://ahrefs.com/robot/)"
51.195.244.100 - - [27/Jul/2026:01:18:25 +0200] "GET /wp-sitemap-posts-post-1.xml HTTP/1.1" 200 4275 "-" "Mozilla/5.0 (compatible; AhrefsBot/7.0; +http://ahrefs.com/robot/)"
